CRAN Package Check Results for Package GeNetIt

Last updated on 2021-07-01 01:49:13 CEST.

Flavor Version Tinstall Tcheck Ttotal Status Flags
r-devel-linux-x86_64-debian-clang 0.1-4 4.98 43.35 48.33 OK
r-devel-linux-x86_64-debian-gcc 0.1-4 4.24 33.08 37.32 OK
r-devel-linux-x86_64-fedora-clang 0.1-4 67.37 NOTE
r-devel-linux-x86_64-fedora-gcc 0.1-4 57.17 NOTE
r-devel-windows-x86_64 0.1-4 7.00 63.00 70.00 OK
r-devel-windows-x86_64-gcc10-UCRT 0.1-4 NOTE
r-patched-linux-x86_64 0.1-4 4.53 41.69 46.22 OK
r-patched-solaris-x86 0.1-4 87.80 NOTE
r-release-linux-x86_64 0.1-4 4.68 40.70 45.38 OK
r-release-macos-arm64 0.1-4 NOTE
r-release-macos-x86_64 0.1-4 NOTE
r-release-windows-ix86+x86_64 0.1-4 18.00 65.00 83.00 OK
r-oldrel-macos-x86_64 0.1-4 NOTE
r-oldrel-windows-ix86+x86_64 0.1-4 9.00 55.00 64.00 OK

Check Details

Version: 0.1-4
Check: dependencies in R code
Result: NOTE
    Namespace in Imports field not imported from: ‘rgeos’
     All declared Imports should be used.
Flavors: r-devel-linux-x86_64-fedora-clang, r-devel-linux-x86_64-fedora-gcc, r-devel-windows-x86_64-gcc10-UCRT, r-patched-solaris-x86, r-release-macos-arm64, r-release-macos-x86_64, r-oldrel-macos-x86_64