Last updated on 2021-07-01 01:49:13 CEST.
Flavor | Version | Tinstall | Tcheck | Ttotal | Status | Flags |
---|---|---|---|---|---|---|
r-devel-linux-x86_64-debian-clang | 1.0.1 | 6.43 | 67.79 | 74.22 | NOTE | |
r-devel-linux-x86_64-debian-gcc | 1.0.1 | 5.90 | 50.58 | 56.48 | NOTE | |
r-devel-linux-x86_64-fedora-clang | 1.0.1 | 92.77 | NOTE | |||
r-devel-linux-x86_64-fedora-gcc | 1.0.1 | 86.26 | NOTE | |||
r-devel-windows-x86_64 | 1.0.1 | 9.00 | 106.00 | 115.00 | OK | |
r-devel-windows-x86_64-gcc10-UCRT | 1.0.1 | OK | ||||
r-patched-linux-x86_64 | 1.0.1 | 10.57 | 63.56 | 74.13 | NOTE | |
r-patched-solaris-x86 | 1.0.1 | 151.10 | NOTE | |||
r-release-linux-x86_64 | 1.0.1 | 7.69 | 65.08 | 72.77 | NOTE | |
r-release-macos-arm64 | 1.0.1 | ERROR | ||||
r-release-macos-x86_64 | 1.0.1 | OK | ||||
r-release-windows-ix86+x86_64 | 1.0.1 | 22.00 | 87.00 | 109.00 | OK | |
r-oldrel-macos-x86_64 | 1.0.1 | OK | ||||
r-oldrel-windows-ix86+x86_64 | 1.0.1 | 16.00 | 96.00 | 112.00 | OK |
Version: 1.0.1
Check: for non-standard things in the check directory
Result: NOTE
Found the following files/directories:
'Pictures_analyzed' 'cutoff_vals' 'cutoff_vals1' 'gina_cran.JPG'
Flavors: r-devel-linux-x86_64-debian-clang, r-devel-linux-x86_64-debian-gcc, r-devel-linux-x86_64-fedora-clang, r-devel-linux-x86_64-fedora-gcc, r-patched-linux-x86_64, r-patched-solaris-x86, r-release-linux-x86_64
Version: 1.0.1
Check: package dependencies
Result: ERROR
Package required but not available: ‘EBImage’
See section ‘The DESCRIPTION file’ in the ‘Writing R Extensions’
manual.
Flavor: r-release-macos-arm64