Last updated on 2021-07-01 01:49:13 CEST.
Flavor | Version | Tinstall | Tcheck | Ttotal | Status | Flags |
---|---|---|---|---|---|---|
r-devel-linux-x86_64-debian-clang | 1.0 | 3.79 | 26.67 | 30.46 | OK | |
r-devel-linux-x86_64-debian-gcc | 1.0 | 2.56 | 20.27 | 22.83 | OK | |
r-devel-linux-x86_64-fedora-clang | 1.0 | 46.39 | OK | |||
r-devel-linux-x86_64-fedora-gcc | 1.0 | 35.71 | OK | |||
r-devel-windows-x86_64 | 1.0 | 6.00 | 41.00 | 47.00 | OK | |
r-devel-windows-x86_64-gcc10-UCRT | 1.0 | OK | ||||
r-patched-linux-x86_64 | 1.0 | 2.84 | 25.50 | 28.34 | OK | |
r-patched-solaris-x86 | 1.0 | 57.80 | OK | |||
r-release-linux-x86_64 | 1.0 | 3.20 | 26.00 | 29.20 | OK | |
r-release-macos-arm64 | 1.0 | ERROR | ||||
r-release-macos-x86_64 | 1.0 | OK | ||||
r-release-windows-ix86+x86_64 | 1.0 | 7.00 | 32.00 | 39.00 | OK | |
r-oldrel-macos-x86_64 | 1.0 | OK | ||||
r-oldrel-windows-ix86+x86_64 | 1.0 | 8.00 | 29.00 | 37.00 | OK |
Version: 1.0
Check: whether package can be installed
Result: ERROR
Installation failed.
Flavor: r-release-macos-arm64