CRAN Package Check Results for Package GridOnClusters

Last updated on 2021-07-01 01:49:13 CEST.

Flavor Version Tinstall Tcheck Ttotal Status Flags
r-devel-linux-x86_64-debian-clang 0.0.8 26.60 46.22 72.82 NOTE
r-devel-linux-x86_64-debian-gcc 0.0.8 16.03 35.00 51.03 NOTE
r-devel-linux-x86_64-fedora-clang 0.0.8 102.90 NOTE
r-devel-linux-x86_64-fedora-gcc 0.0.8 85.79 NOTE
r-devel-windows-x86_64 0.0.8 25.00 82.00 107.00 NOTE
r-devel-windows-x86_64-gcc10-UCRT 0.0.8 NOTE
r-patched-linux-x86_64 0.0.8 19.12 43.85 62.97 NOTE
r-patched-solaris-x86 0.0.8 116.70 NOTE
r-release-linux-x86_64 0.0.8 22.49 44.25 66.74 NOTE
r-release-macos-arm64 0.0.8 NOTE
r-release-macos-x86_64 0.0.8 NOTE
r-release-windows-ix86+x86_64 0.0.8 50.00 97.00 147.00 NOTE
r-oldrel-macos-x86_64 0.0.8 OK
r-oldrel-windows-ix86+x86_64 0.0.8 60.00 98.00 158.00 OK

Check Details

Version: 0.0.8
Check: LazyData
Result: NOTE
     'LazyData' is specified without a 'data' directory
Flavors: r-devel-linux-x86_64-debian-clang, r-devel-linux-x86_64-debian-gcc, r-devel-linux-x86_64-fedora-clang, r-devel-linux-x86_64-fedora-gcc, r-devel-windows-x86_64, r-devel-windows-x86_64-gcc10-UCRT, r-patched-linux-x86_64, r-patched-solaris-x86, r-release-linux-x86_64, r-release-macos-arm64, r-release-macos-x86_64, r-release-windows-ix86+x86_64