Last updated on 2021-07-01 01:49:14 CEST.
Flavor | Version | Tinstall | Tcheck | Ttotal | Status | Flags |
---|---|---|---|---|---|---|
r-devel-linux-x86_64-debian-clang | 0.1.6 | 36.79 | 89.87 | 126.66 | NOTE | |
r-devel-linux-x86_64-debian-gcc | 0.1.6 | 24.40 | 68.47 | 92.87 | NOTE | |
r-devel-linux-x86_64-fedora-clang | 0.1.6 | 159.59 | NOTE | |||
r-devel-linux-x86_64-fedora-gcc | 0.1.6 | 146.93 | NOTE | |||
r-devel-windows-x86_64 | 0.1.6 | 40.00 | 132.00 | 172.00 | NOTE | |
r-devel-windows-x86_64-gcc10-UCRT | 0.1.6 | NOTE | ||||
r-patched-linux-x86_64 | 0.1.6 | 27.82 | 86.62 | 114.44 | NOTE | |
r-patched-solaris-x86 | 0.1.6 | 213.80 | NOTE | |||
r-release-linux-x86_64 | 0.1.6 | 26.59 | 86.57 | 113.16 | NOTE | |
r-release-macos-arm64 | 0.1.6 | NOTE | ||||
r-release-macos-x86_64 | 0.1.6 | NOTE | ||||
r-release-windows-ix86+x86_64 | 0.1.6 | 68.00 | 173.00 | 241.00 | NOTE | |
r-oldrel-macos-x86_64 | 0.1.6 | OK | ||||
r-oldrel-windows-ix86+x86_64 | 0.1.6 | 69.00 | 188.00 | 257.00 | OK |
Version: 0.1.6
Check: LazyData
Result: NOTE
'LazyData' is specified without a 'data' directory
Flavors: r-devel-linux-x86_64-debian-clang, r-devel-linux-x86_64-debian-gcc, r-devel-linux-x86_64-fedora-clang, r-devel-linux-x86_64-fedora-gcc, r-devel-windows-x86_64, r-devel-windows-x86_64-gcc10-UCRT, r-patched-linux-x86_64, r-patched-solaris-x86, r-release-linux-x86_64, r-release-macos-arm64, r-release-macos-x86_64, r-release-windows-ix86+x86_64