Last updated on 2021-07-01 01:49:14 CEST.
Flavor | Version | Tinstall | Tcheck | Ttotal | Status | Flags |
---|---|---|---|---|---|---|
r-devel-linux-x86_64-debian-clang | 2.0.1 | 11.23 | 110.10 | 121.33 | OK | |
r-devel-linux-x86_64-debian-gcc | 2.0.1 | 9.07 | 81.69 | 90.76 | OK | |
r-devel-linux-x86_64-fedora-clang | 2.0.1 | 147.74 | NOTE | |||
r-devel-linux-x86_64-fedora-gcc | 2.0.1 | 138.89 | OK | |||
r-devel-windows-x86_64 | 2.0.1 | 15.00 | 122.00 | 137.00 | OK | |
r-devel-windows-x86_64-gcc10-UCRT | 2.0.1 | OK | ||||
r-patched-linux-x86_64 | 2.0.1 | 12.69 | 101.93 | 114.62 | OK | |
r-patched-solaris-x86 | 2.0.1 | 200.60 | OK | |||
r-release-linux-x86_64 | 2.0.1 | 11.10 | 102.34 | 113.44 | OK | |
r-release-macos-arm64 | 2.0.1 | OK | ||||
r-release-macos-x86_64 | 2.0.1 | OK | ||||
r-release-windows-ix86+x86_64 | 2.0.1 | 53.00 | 133.00 | 186.00 | OK | |
r-oldrel-macos-x86_64 | 2.0.1 | OK | ||||
r-oldrel-windows-ix86+x86_64 | 2.0.1 | 27.00 | 113.00 | 140.00 | OK |
Version: 2.0.1
Check: Rd cross-references
Result: NOTE
Undeclared package ‘genalg’ in Rd xrefs
Flavor: r-devel-linux-x86_64-fedora-clang