CRAN Package Check Results for Package HSAR

Last updated on 2021-07-01 01:49:14 CEST.

Flavor Version Tinstall Tcheck Ttotal Status Flags
r-devel-linux-x86_64-debian-clang 0.5.1 161.49 201.50 362.99 OK
r-devel-linux-x86_64-debian-gcc 0.5.1 110.48 151.18 261.66 OK
r-devel-linux-x86_64-fedora-clang 0.5.1 476.20 NOTE
r-devel-linux-x86_64-fedora-gcc 0.5.1 443.81 OK
r-devel-windows-x86_64 0.5.1 134.00 236.00 370.00 OK
r-devel-windows-x86_64-gcc10-UCRT 0.5.1 OK
r-patched-linux-x86_64 0.5.1 128.65 189.55 318.20 OK
r-patched-solaris-x86 0.5.1 561.70 OK
r-release-linux-x86_64 0.5.1 122.05 188.14 310.19 OK
r-release-macos-arm64 0.5.1 NOTE
r-release-macos-x86_64 0.5.1 NOTE
r-release-windows-ix86+x86_64 0.5.1 305.00 311.00 616.00 OK
r-oldrel-macos-x86_64 0.5.1 NOTE
r-oldrel-windows-ix86+x86_64 0.5.1 355.00 266.00 621.00 OK

Check Details

Version: 0.5.1
Check: installed package size
Result: NOTE
     installed size is 9.5Mb
     sub-directories of 1Mb or more:
     libs 9.0Mb
Flavors: r-devel-linux-x86_64-fedora-clang, r-release-macos-arm64, r-release-macos-x86_64, r-oldrel-macos-x86_64