CRAN Package Check Results for Package HSAUR3

Last updated on 2021-07-01 01:49:14 CEST.

Flavor Version Tinstall Tcheck Ttotal Status Flags
r-devel-linux-x86_64-debian-clang 1.0-11 4.15 279.79 283.94 OK
r-devel-linux-x86_64-debian-gcc 1.0-11 2.86 220.65 223.51 OK
r-devel-linux-x86_64-fedora-clang 1.0-11 338.87 OK
r-devel-linux-x86_64-fedora-gcc 1.0-11 334.32 OK
r-devel-windows-x86_64 1.0-11 6.00 63.00 69.00 OK --no-vignettes
r-devel-windows-x86_64-gcc10-UCRT 1.0-11 OK
r-patched-linux-x86_64 1.0-11 4.48 272.63 277.11 OK
r-patched-solaris-x86 1.0-11 508.50 NOTE
r-release-linux-x86_64 1.0-11 4.44 273.17 277.61 OK
r-release-macos-arm64 1.0-11 OK
r-release-macos-x86_64 1.0-11 OK
r-release-windows-ix86+x86_64 1.0-11 6.00 64.00 70.00 OK --no-vignettes
r-oldrel-macos-x86_64 1.0-11 OK
r-oldrel-windows-ix86+x86_64 1.0-11 9.00 62.00 71.00 OK --no-vignettes

Check Details

Version: 1.0-11
Check: installed package size
Result: NOTE
     installed size is 5.4Mb
     sub-directories of 1Mb or more:
     doc 4.5Mb
Flavor: r-patched-solaris-x86