Last updated on 2021-07-01 01:49:14 CEST.
Flavor | Version | Tinstall | Tcheck | Ttotal | Status | Flags |
---|---|---|---|---|---|---|
r-devel-linux-x86_64-debian-clang | 0.4-3 | 95.67 | 79.54 | 175.21 | OK | --no-vignettes |
r-devel-linux-x86_64-debian-gcc | 0.4-3 | 65.79 | 60.43 | 126.22 | OK | --no-vignettes |
r-devel-linux-x86_64-fedora-clang | 0.4-3 | 574.11 | NOTE | |||
r-devel-linux-x86_64-fedora-gcc | 0.4-3 | 876.20 | OK | |||
r-devel-windows-x86_64 | 0.4-3 | 89.00 | 264.00 | 353.00 | OK | |
r-devel-windows-x86_64-gcc10-UCRT | 0.4-3 | OK | ||||
r-patched-linux-x86_64 | 0.4-3 | 80.47 | 75.08 | 155.55 | OK | --no-vignettes |
r-patched-solaris-x86 | 0.4-3 | 508.10 | OK | |||
r-release-linux-x86_64 | 0.4-3 | 78.27 | 74.82 | 153.09 | OK | --no-vignettes |
r-release-macos-arm64 | 0.4-3 | NOTE | ||||
r-release-macos-x86_64 | 0.4-3 | NOTE | ||||
r-release-windows-ix86+x86_64 | 0.4-3 | 177.00 | 345.00 | 522.00 | OK | |
r-oldrel-macos-x86_64 | 0.4-3 | NOTE | ||||
r-oldrel-windows-ix86+x86_64 | 0.4-3 | 224.00 | 283.00 | 507.00 | OK |
Version: 0.4-3
Check: installed package size
Result: NOTE
installed size is 5.4Mb
sub-directories of 1Mb or more:
doc 1.1Mb
libs 3.2Mb
Flavors: r-devel-linux-x86_64-fedora-clang, r-release-macos-arm64, r-release-macos-x86_64, r-oldrel-macos-x86_64