Last updated on 2021-07-01 01:49:14 CEST.
Flavor | Version | Tinstall | Tcheck | Ttotal | Status | Flags |
---|---|---|---|---|---|---|
r-devel-linux-x86_64-debian-clang | 0.1.7 | 2.49 | 25.31 | 27.80 | NOTE | |
r-devel-linux-x86_64-debian-gcc | 0.1.7 | 1.90 | 20.45 | 22.35 | NOTE | |
r-devel-linux-x86_64-fedora-clang | 0.1.7 | 42.70 | NOTE | |||
r-devel-linux-x86_64-fedora-gcc | 0.1.7 | 32.73 | NOTE | |||
r-devel-windows-x86_64 | 0.1.7 | 3.00 | 43.00 | 46.00 | NOTE | |
r-devel-windows-x86_64-gcc10-UCRT | 0.1.7 | NOTE | ||||
r-patched-linux-x86_64 | 0.1.7 | 2.29 | 24.85 | 27.14 | NOTE | |
r-patched-solaris-x86 | 0.1.7 | 51.10 | NOTE | |||
r-release-linux-x86_64 | 0.1.7 | 2.14 | 25.08 | 27.22 | NOTE | |
r-release-macos-arm64 | 0.1.7 | NOTE | ||||
r-release-macos-x86_64 | 0.1.7 | NOTE | ||||
r-release-windows-ix86+x86_64 | 0.1.7 | 3.00 | 37.00 | 40.00 | NOTE | |
r-oldrel-macos-x86_64 | 0.1.7 | NOTE | ||||
r-oldrel-windows-ix86+x86_64 | 0.1.7 | 5.00 | 41.00 | 46.00 | NOTE |
Version: 0.1.7
Check: R code for possible problems
Result: NOTE
BasicHTML: no visible global function definition for 'png'
BasicHTML: no visible global function definition for 'dev.list'
BasicHTML: no visible global function definition for 'dev.off'
FramedHTML: no visible global function definition for 'graphics.off'
Undefined global functions or variables:
dev.list dev.off graphics.off png
Consider adding
importFrom("grDevices", "dev.list", "dev.off", "graphics.off", "png")
to your NAMESPACE file.
Flavors: r-devel-linux-x86_64-debian-clang, r-devel-linux-x86_64-debian-gcc, r-devel-linux-x86_64-fedora-clang, r-devel-linux-x86_64-fedora-gcc, r-devel-windows-x86_64, r-devel-windows-x86_64-gcc10-UCRT, r-patched-linux-x86_64, r-patched-solaris-x86, r-release-linux-x86_64, r-release-macos-arm64, r-release-macos-x86_64, r-release-windows-ix86+x86_64, r-oldrel-macos-x86_64, r-oldrel-windows-ix86+x86_64