Last updated on 2021-07-01 01:49:15 CEST.
Flavor | Version | Tinstall | Tcheck | Ttotal | Status | Flags |
---|---|---|---|---|---|---|
r-devel-linux-x86_64-debian-clang | 1.5 | 7.90 | 60.44 | 68.34 | OK | |
r-devel-linux-x86_64-debian-gcc | 1.5 | 6.25 | 44.16 | 50.41 | OK | |
r-devel-linux-x86_64-fedora-clang | 1.5 | 89.61 | NOTE | |||
r-devel-linux-x86_64-fedora-gcc | 1.5 | 75.78 | NOTE | |||
r-devel-windows-x86_64 | 1.5 | 24.00 | 96.00 | 120.00 | OK | |
r-devel-windows-x86_64-gcc10-UCRT | 1.5 | OK | ||||
r-patched-linux-x86_64 | 1.5 | 8.15 | 55.64 | 63.79 | OK | |
r-patched-solaris-x86 | 1.5 | 115.80 | OK | |||
r-release-linux-x86_64 | 1.5 | 6.42 | 55.85 | 62.27 | OK | |
r-release-macos-arm64 | 1.5 | OK | ||||
r-release-macos-x86_64 | 1.5 | OK | ||||
r-release-windows-ix86+x86_64 | 1.5 | 21.00 | 95.00 | 116.00 | OK | |
r-oldrel-macos-x86_64 | 1.5 | OK | ||||
r-oldrel-windows-ix86+x86_64 | 1.5 | 24.00 | 85.00 | 109.00 | OK |
Version: 1.5
Check: compiled code
Result: NOTE
File ‘INSPIRE/libs/INSPIRE.so’:
Found no calls to: ‘R_registerRoutines’, ‘R_useDynamicSymbols’
It is good practice to register native routines and to disable symbol
search.
See ‘Writing portable packages’ in the ‘Writing R Extensions’ manual.
Flavors: r-devel-linux-x86_64-fedora-clang, r-devel-linux-x86_64-fedora-gcc