Last updated on 2021-07-01 01:49:15 CEST.
Flavor | Version | Tinstall | Tcheck | Ttotal | Status | Flags |
---|---|---|---|---|---|---|
r-devel-linux-x86_64-debian-clang | 1.2 | 8.59 | 72.03 | 80.62 | NOTE | |
r-devel-linux-x86_64-debian-gcc | 1.2 | 6.95 | 55.50 | 62.45 | NOTE | |
r-devel-linux-x86_64-fedora-clang | 1.2 | 107.70 | NOTE | |||
r-devel-linux-x86_64-fedora-gcc | 1.2 | 93.09 | NOTE | |||
r-devel-windows-x86_64 | 1.2 | 10.00 | 96.00 | 106.00 | NOTE | |
r-devel-windows-x86_64-gcc10-UCRT | 1.2 | NOTE | ||||
r-patched-linux-x86_64 | 1.2 | 8.62 | 69.08 | 77.70 | NOTE | |
r-patched-solaris-x86 | 1.2 | 142.80 | NOTE | |||
r-release-linux-x86_64 | 1.2 | 7.28 | 68.93 | 76.21 | NOTE | |
r-release-macos-arm64 | 1.2 | NOTE | ||||
r-release-macos-x86_64 | 1.2 | NOTE | ||||
r-release-windows-ix86+x86_64 | 1.2 | 28.00 | 94.00 | 122.00 | NOTE | |
r-oldrel-macos-x86_64 | 1.2 | OK | ||||
r-oldrel-windows-ix86+x86_64 | 1.2 | 19.00 | 68.00 | 87.00 | OK |
Version: 1.2
Check: LazyData
Result: NOTE
'LazyData' is specified without a 'data' directory
Flavors: r-devel-linux-x86_64-debian-clang, r-devel-linux-x86_64-debian-gcc, r-devel-linux-x86_64-fedora-clang, r-devel-linux-x86_64-fedora-gcc, r-devel-windows-x86_64, r-devel-windows-x86_64-gcc10-UCRT, r-patched-linux-x86_64, r-patched-solaris-x86, r-release-linux-x86_64, r-release-macos-arm64, r-release-macos-x86_64, r-release-windows-ix86+x86_64