Last updated on 2021-07-01 01:49:15 CEST.
Flavor | Version | Tinstall | Tcheck | Ttotal | Status | Flags |
---|---|---|---|---|---|---|
r-devel-linux-x86_64-debian-clang | 4.0 | 25.02 | 124.34 | 149.36 | OK | |
r-devel-linux-x86_64-debian-gcc | 4.0 | 17.74 | 88.90 | 106.64 | OK | |
r-devel-linux-x86_64-fedora-clang | 4.0 | 181.24 | NOTE | |||
r-devel-linux-x86_64-fedora-gcc | 4.0 | 176.46 | NOTE | |||
r-devel-windows-x86_64 | 4.0 | 22.00 | 131.00 | 153.00 | OK | |
r-devel-windows-x86_64-gcc10-UCRT | 4.0 | NOTE | ||||
r-patched-linux-x86_64 | 4.0 | 22.27 | 117.23 | 139.50 | OK | |
r-patched-solaris-x86 | 4.0 | 178.00 | NOTE | |||
r-release-linux-x86_64 | 4.0 | 21.81 | 117.07 | 138.88 | OK | |
r-release-macos-arm64 | 4.0 | NOTE | ||||
r-release-macos-x86_64 | 4.0 | NOTE | ||||
r-release-windows-ix86+x86_64 | 4.0 | 24.00 | 121.00 | 145.00 | OK | |
r-oldrel-macos-x86_64 | 4.0 | NOTE | ||||
r-oldrel-windows-ix86+x86_64 | 4.0 | 34.00 | 130.00 | 164.00 | OK |
Version: 4.0
Check: dependencies in R code
Result: NOTE
Namespace in Imports field not imported from: ‘methods’
All declared Imports should be used.
Flavors: r-devel-linux-x86_64-fedora-clang, r-devel-linux-x86_64-fedora-gcc, r-devel-windows-x86_64-gcc10-UCRT, r-patched-solaris-x86, r-release-macos-arm64, r-release-macos-x86_64, r-oldrel-macos-x86_64