Last updated on 2021-07-01 01:49:16 CEST.
Flavor | Version | Tinstall | Tcheck | Ttotal | Status | Flags |
---|---|---|---|---|---|---|
r-devel-linux-x86_64-debian-clang | 0.1.0 | 34.19 | 25.83 | 60.02 | NOTE | |
r-devel-linux-x86_64-debian-gcc | 0.1.0 | 22.51 | 20.24 | 42.75 | NOTE | |
r-devel-linux-x86_64-fedora-clang | 0.1.0 | 88.58 | NOTE | |||
r-devel-linux-x86_64-fedora-gcc | 0.1.0 | 75.63 | NOTE | |||
r-devel-windows-x86_64 | 0.1.0 | 31.00 | 55.00 | 86.00 | NOTE | |
r-devel-windows-x86_64-gcc10-UCRT | 0.1.0 | NOTE | ||||
r-patched-linux-x86_64 | 0.1.0 | 29.90 | 24.90 | 54.80 | NOTE | |
r-patched-solaris-x86 | 0.1.0 | 87.00 | NOTE | |||
r-release-linux-x86_64 | 0.1.0 | 27.61 | 25.47 | 53.08 | NOTE | |
r-release-macos-arm64 | 0.1.0 | NOTE | ||||
r-release-macos-x86_64 | 0.1.0 | NOTE | ||||
r-release-windows-ix86+x86_64 | 0.1.0 | 61.00 | 61.00 | 122.00 | NOTE | |
r-oldrel-macos-x86_64 | 0.1.0 | OK | ||||
r-oldrel-windows-ix86+x86_64 | 0.1.0 | 81.00 | 67.00 | 148.00 | OK |
Version: 0.1.0
Check: LazyData
Result: NOTE
'LazyData' is specified without a 'data' directory
Flavors: r-devel-linux-x86_64-debian-clang, r-devel-linux-x86_64-debian-gcc, r-devel-linux-x86_64-fedora-clang, r-devel-linux-x86_64-fedora-gcc, r-devel-windows-x86_64, r-devel-windows-x86_64-gcc10-UCRT, r-patched-linux-x86_64, r-patched-solaris-x86, r-release-linux-x86_64, r-release-macos-arm64, r-release-macos-x86_64, r-release-windows-ix86+x86_64