Last updated on 2021-07-01 01:49:16 CEST.
Flavor | Version | Tinstall | Tcheck | Ttotal | Status | Flags |
---|---|---|---|---|---|---|
r-devel-linux-x86_64-debian-clang | 2.0 | 13.97 | 106.23 | 120.20 | NOTE | |
r-devel-linux-x86_64-debian-gcc | 2.0 | 11.87 | 80.74 | 92.61 | NOTE | |
r-devel-linux-x86_64-fedora-clang | 2.0 | 152.56 | NOTE | |||
r-devel-linux-x86_64-fedora-gcc | 2.0 | 144.21 | NOTE | |||
r-devel-windows-x86_64 | 2.0 | 18.00 | 124.00 | 142.00 | OK | |
r-devel-windows-x86_64-gcc10-UCRT | 2.0 | NOTE | ||||
r-patched-linux-x86_64 | 2.0 | 12.90 | 102.79 | 115.69 | NOTE | |
r-patched-solaris-x86 | 2.0 | 196.50 | NOTE | |||
r-release-linux-x86_64 | 2.0 | 14.78 | 101.25 | 116.03 | NOTE | |
r-release-macos-arm64 | 2.0 | NOTE | ||||
r-release-macos-x86_64 | 2.0 | NOTE | ||||
r-release-windows-ix86+x86_64 | 2.0 | 31.00 | 118.00 | 149.00 | OK | |
r-oldrel-macos-x86_64 | 2.0 | NOTE | ||||
r-oldrel-windows-ix86+x86_64 | 2.0 | 27.00 | 98.00 | 125.00 | OK |
Version: 2.0
Check: for non-standard things in the check directory
Result: NOTE
Found the following files/directories:
'Completeness.RData' 'Estimators.RData' 'Inf.txt' 'List of
species.RData' 'Observed richness.RData' 'Records.RData'
'Slope.RData' 'Standard error of the estimators.RData'
Flavors: r-devel-linux-x86_64-debian-clang, r-devel-linux-x86_64-debian-gcc, r-devel-linux-x86_64-fedora-clang, r-devel-linux-x86_64-fedora-gcc, r-patched-linux-x86_64, r-patched-solaris-x86, r-release-linux-x86_64
Version: 2.0
Check: Rd cross-references
Result: NOTE
Undeclared package ‘splancs’ in Rd xrefs
Flavor: r-devel-linux-x86_64-fedora-clang
Version: 2.0
Check: data for non-ASCII characters
Result: NOTE
Note: found 9 marked Latin-1 strings
Flavors: r-devel-linux-x86_64-fedora-clang, r-devel-linux-x86_64-fedora-gcc, r-devel-windows-x86_64-gcc10-UCRT, r-patched-solaris-x86, r-release-macos-arm64, r-release-macos-x86_64, r-oldrel-macos-x86_64