Last updated on 2021-07-01 01:49:16 CEST.
Flavor | Version | Tinstall | Tcheck | Ttotal | Status | Flags |
---|---|---|---|---|---|---|
r-devel-linux-x86_64-debian-clang | 3.2.1 | 52.71 | 62.07 | 114.78 | NOTE | |
r-devel-linux-x86_64-debian-gcc | 3.2.1 | 38.77 | 47.91 | 86.68 | NOTE | |
r-devel-linux-x86_64-fedora-clang | 3.2.1 | 161.36 | NOTE | |||
r-devel-linux-x86_64-fedora-gcc | 3.2.1 | 149.04 | NOTE | |||
r-devel-windows-x86_64 | 3.2.1 | 48.00 | 92.00 | 140.00 | NOTE | |
r-devel-windows-x86_64-gcc10-UCRT | 3.2.1 | NOTE | ||||
r-patched-linux-x86_64 | 3.2.1 | 46.55 | 59.53 | 106.08 | NOTE | |
r-patched-solaris-x86 | 3.2.1 | 163.30 | NOTE | |||
r-release-linux-x86_64 | 3.2.1 | 43.50 | 59.51 | 103.01 | NOTE | |
r-release-macos-arm64 | 3.2.1 | NOTE | ||||
r-release-macos-x86_64 | 3.2.1 | NOTE | ||||
r-release-windows-ix86+x86_64 | 3.2.1 | 127.00 | 110.00 | 237.00 | NOTE | |
r-oldrel-macos-x86_64 | 3.2.1 | OK | ||||
r-oldrel-windows-ix86+x86_64 | 3.2.1 | 126.00 | 115.00 | 241.00 | OK |
Version: 3.2.1
Check: LazyData
Result: NOTE
'LazyData' is specified without a 'data' directory
Flavors: r-devel-linux-x86_64-debian-clang, r-devel-linux-x86_64-debian-gcc, r-devel-linux-x86_64-fedora-clang, r-devel-linux-x86_64-fedora-gcc, r-devel-windows-x86_64, r-devel-windows-x86_64-gcc10-UCRT, r-patched-linux-x86_64, r-patched-solaris-x86, r-release-linux-x86_64, r-release-macos-arm64, r-release-macos-x86_64, r-release-windows-ix86+x86_64