Last updated on 2021-07-01 01:49:17 CEST.
Flavor | Version | Tinstall | Tcheck | Ttotal | Status | Flags |
---|---|---|---|---|---|---|
r-devel-linux-x86_64-debian-clang | 0.2.0 | 9.86 | 445.48 | 455.34 | OK | |
r-devel-linux-x86_64-debian-gcc | 0.2.0 | 7.70 | 319.46 | 327.16 | OK | |
r-devel-linux-x86_64-fedora-clang | 0.2.0 | 569.77 | NOTE | |||
r-devel-linux-x86_64-fedora-gcc | 0.2.0 | 524.00 | OK | |||
r-devel-windows-x86_64 | 0.2.0 | 14.00 | 485.00 | 499.00 | OK | |
r-devel-windows-x86_64-gcc10-UCRT | 0.2.0 | OK | ||||
r-patched-linux-x86_64 | 0.2.0 | 10.30 | 414.68 | 424.98 | OK | |
r-patched-solaris-x86 | 0.2.0 | 264.80 | OK | |||
r-release-linux-x86_64 | 0.2.0 | 8.72 | 420.05 | 428.77 | OK | |
r-release-macos-arm64 | 0.2.0 | ERROR | ||||
r-release-macos-x86_64 | 0.2.0 | OK | ||||
r-release-windows-ix86+x86_64 | 0.2.0 | 25.00 | 473.00 | 498.00 | OK | |
r-oldrel-macos-x86_64 | 0.2.0 | OK | ||||
r-oldrel-windows-ix86+x86_64 | 0.2.0 | 16.00 | 400.00 | 416.00 | OK |
Version: 0.2.0
Check: Rd cross-references
Result: NOTE
Undeclared package ‘gemtc’ in Rd xrefs
Flavor: r-devel-linux-x86_64-fedora-clang
Version: 0.2.0
Check: package dependencies
Result: ERROR
Packages required but not available: 'R2jags', 'rjags'
See section ‘The DESCRIPTION file’ in the ‘Writing R Extensions’
manual.
Flavor: r-release-macos-arm64