CRAN Package Check Results for Package MCMCglmm

Last updated on 2021-07-01 01:49:17 CEST.

Flavor Version Tinstall Tcheck Ttotal Status Flags
r-devel-linux-x86_64-debian-clang 2.32 51.49 144.78 196.27 OK
r-devel-linux-x86_64-debian-gcc 2.32 35.83 109.51 145.34 OK
r-devel-linux-x86_64-fedora-clang 2.32 254.22 NOTE
r-devel-linux-x86_64-fedora-gcc 2.32 231.80 OK
r-devel-windows-x86_64 2.32 70.00 180.00 250.00 OK
r-devel-windows-x86_64-gcc10-UCRT 2.32 OK
r-patched-linux-x86_64 2.32 40.41 140.29 180.70 OK
r-patched-solaris-x86 2.32 311.40 OK
r-release-linux-x86_64 2.32 44.60 139.72 184.32 OK
r-release-macos-arm64 2.32 OK
r-release-macos-x86_64 2.32 OK
r-release-windows-ix86+x86_64 2.32 122.00 196.00 318.00 NOTE
r-oldrel-macos-x86_64 2.32 OK
r-oldrel-windows-ix86+x86_64 2.32 153.00 171.00 324.00 NOTE

Check Details

Version: 2.32
Check: Rd cross-references
Result: NOTE
    Undeclared packages ‘MCMCpack’, ‘bayesm’, ‘msm’ in Rd xrefs
Flavor: r-devel-linux-x86_64-fedora-clang

Version: 2.32
Check: installed package size
Result: NOTE
     installed size is 5.9Mb
     sub-directories of 1Mb or more:
     doc 3.3Mb
     libs 2.1Mb
Flavors: r-release-windows-ix86+x86_64, r-oldrel-windows-ix86+x86_64