CRAN Package Check Results for Package MCSim

Last updated on 2021-07-01 01:49:17 CEST.

Flavor Version Tinstall Tcheck Ttotal Status Flags
r-devel-linux-x86_64-debian-clang 1.0 2.04 24.90 26.94 NOTE
r-devel-linux-x86_64-debian-gcc 1.0 1.59 19.38 20.97 NOTE
r-devel-linux-x86_64-fedora-clang 1.0 42.29 NOTE
r-devel-linux-x86_64-fedora-gcc 1.0 31.21 NOTE
r-devel-windows-x86_64 1.0 3.00 40.00 43.00 NOTE
r-devel-windows-x86_64-gcc10-UCRT 1.0 NOTE
r-patched-linux-x86_64 1.0 1.92 23.72 25.64 NOTE
r-patched-solaris-x86 1.0 52.00 NOTE
r-release-linux-x86_64 1.0 2.06 23.97 26.03 NOTE
r-release-macos-arm64 1.0 NOTE
r-release-macos-x86_64 1.0 NOTE
r-release-windows-ix86+x86_64 1.0 5.00 38.00 43.00 NOTE
r-oldrel-macos-x86_64 1.0 OK
r-oldrel-windows-ix86+x86_64 1.0 5.00 39.00 44.00 OK

Check Details

Version: 1.0
Check: LazyData
Result: NOTE
     'LazyData' is specified without a 'data' directory
Flavors: r-devel-linux-x86_64-debian-clang, r-devel-linux-x86_64-debian-gcc, r-devel-linux-x86_64-fedora-clang, r-devel-linux-x86_64-fedora-gcc, r-devel-windows-x86_64, r-devel-windows-x86_64-gcc10-UCRT, r-patched-linux-x86_64, r-patched-solaris-x86, r-release-linux-x86_64, r-release-macos-arm64, r-release-macos-x86_64, r-release-windows-ix86+x86_64