Last updated on 2021-07-01 01:49:18 CEST.
Flavor | Version | Tinstall | Tcheck | Ttotal | Status | Flags |
---|---|---|---|---|---|---|
r-devel-linux-x86_64-debian-clang | 2.0.5 | 13.82 | 137.37 | 151.19 | NOTE | |
r-devel-linux-x86_64-debian-gcc | 2.0.5 | 12.55 | 101.94 | 114.49 | NOTE | |
r-devel-linux-x86_64-fedora-clang | 2.0.5 | 189.15 | NOTE | |||
r-devel-linux-x86_64-fedora-gcc | 2.0.5 | 177.18 | NOTE | |||
r-devel-windows-x86_64 | 2.0.5 | 30.00 | 158.00 | 188.00 | NOTE | |
r-devel-windows-x86_64-gcc10-UCRT | 2.0.5 | NOTE | ||||
r-patched-linux-x86_64 | 2.0.5 | 14.21 | 129.27 | 143.48 | NOTE | |
r-patched-solaris-x86 | 2.0.5 | 257.60 | NOTE | |||
r-release-linux-x86_64 | 2.0.5 | 13.23 | 129.49 | 142.72 | NOTE | |
r-release-macos-arm64 | 2.0.5 | NOTE | ||||
r-release-macos-x86_64 | 2.0.5 | NOTE | ||||
r-release-windows-ix86+x86_64 | 2.0.5 | 34.00 | 155.00 | 189.00 | NOTE | |
r-oldrel-macos-x86_64 | 2.0.5 | OK | ||||
r-oldrel-windows-ix86+x86_64 | 2.0.5 | 36.00 | 129.00 | 165.00 | OK |
Version: 2.0.5
Check: LazyData
Result: NOTE
'LazyData' is specified without a 'data' directory
Flavors: r-devel-linux-x86_64-debian-clang, r-devel-linux-x86_64-debian-gcc, r-devel-linux-x86_64-fedora-clang, r-devel-linux-x86_64-fedora-gcc, r-devel-windows-x86_64, r-devel-windows-x86_64-gcc10-UCRT, r-patched-linux-x86_64, r-patched-solaris-x86, r-release-linux-x86_64, r-release-macos-arm64, r-release-macos-x86_64, r-release-windows-ix86+x86_64
Version: 2.0.5
Check: package dependencies
Result: NOTE
Package suggested but not available for checking: ‘mapedit’
Flavor: r-release-macos-arm64