Last updated on 2021-07-01 01:49:19 CEST.
Flavor | Version | Tinstall | Tcheck | Ttotal | Status | Flags |
---|---|---|---|---|---|---|
r-devel-linux-x86_64-debian-clang | 0.2.1 | 34.55 | 62.87 | 97.42 | NOTE | |
r-devel-linux-x86_64-debian-gcc | 0.2.1 | 24.71 | 46.80 | 71.51 | NOTE | |
r-devel-linux-x86_64-fedora-clang | 0.2.1 | 135.39 | NOTE | |||
r-devel-linux-x86_64-fedora-gcc | 0.2.1 | 121.30 | NOTE | |||
r-devel-windows-x86_64 | 0.2.1 | 37.00 | 94.00 | 131.00 | NOTE | |
r-devel-windows-x86_64-gcc10-UCRT | 0.2.1 | NOTE | ||||
r-patched-linux-x86_64 | 0.2.1 | 30.47 | 59.78 | 90.25 | NOTE | |
r-patched-solaris-x86 | 0.2.1 | 144.40 | NOTE | |||
r-release-linux-x86_64 | 0.2.1 | 31.60 | 60.41 | 92.01 | NOTE | |
r-release-macos-arm64 | 0.2.1 | NOTE | ||||
r-release-macos-x86_64 | 0.2.1 | NOTE | ||||
r-release-windows-ix86+x86_64 | 0.2.1 | 85.00 | 121.00 | 206.00 | NOTE | |
r-oldrel-macos-x86_64 | 0.2.1 | OK | ||||
r-oldrel-windows-ix86+x86_64 | 0.2.1 | 84.00 | 110.00 | 194.00 | OK |
Version: 0.2.1
Check: LazyData
Result: NOTE
'LazyData' is specified without a 'data' directory
Flavors: r-devel-linux-x86_64-debian-clang, r-devel-linux-x86_64-debian-gcc, r-devel-linux-x86_64-fedora-clang, r-devel-linux-x86_64-fedora-gcc, r-devel-windows-x86_64, r-devel-windows-x86_64-gcc10-UCRT, r-patched-linux-x86_64, r-patched-solaris-x86, r-release-linux-x86_64, r-release-macos-arm64, r-release-macos-x86_64, r-release-windows-ix86+x86_64