CRAN Package Check Results for Package MaxMC

Last updated on 2021-07-01 01:49:17 CEST.

Flavor Version Tinstall Tcheck Ttotal Status Flags
r-devel-linux-x86_64-debian-clang 0.1.1 2.74 37.09 39.83 NOTE
r-devel-linux-x86_64-debian-gcc 0.1.1 1.97 29.06 31.03 NOTE
r-devel-linux-x86_64-fedora-clang 0.1.1 55.37 NOTE
r-devel-linux-x86_64-fedora-gcc 0.1.1 46.50 NOTE
r-devel-windows-x86_64 0.1.1 3.00 55.00 58.00 NOTE
r-devel-windows-x86_64-gcc10-UCRT 0.1.1 NOTE
r-patched-linux-x86_64 0.1.1 5.11 35.23 40.34 NOTE
r-patched-solaris-x86 0.1.1 61.90 NOTE
r-release-linux-x86_64 0.1.1 2.54 35.26 37.80 NOTE
r-release-macos-arm64 0.1.1 NOTE
r-release-macos-x86_64 0.1.1 NOTE
r-release-windows-ix86+x86_64 0.1.1 5.00 51.00 56.00 NOTE
r-oldrel-macos-x86_64 0.1.1 OK
r-oldrel-windows-ix86+x86_64 0.1.1 6.00 44.00 50.00 OK

Check Details

Version: 0.1.1
Check: LazyData
Result: NOTE
     'LazyData' is specified without a 'data' directory
Flavors: r-devel-linux-x86_64-debian-clang, r-devel-linux-x86_64-debian-gcc, r-devel-linux-x86_64-fedora-clang, r-devel-linux-x86_64-fedora-gcc, r-devel-windows-x86_64, r-devel-windows-x86_64-gcc10-UCRT, r-patched-linux-x86_64, r-patched-solaris-x86, r-release-linux-x86_64, r-release-macos-arm64, r-release-macos-x86_64, r-release-windows-ix86+x86_64