CRAN Package Check Results for Package MazamaCoreUtils

Last updated on 2021-07-01 01:49:17 CEST.

Flavor Version Tinstall Tcheck Ttotal Status Flags
r-devel-linux-x86_64-debian-clang 0.4.6 3.63 54.47 58.10 NOTE
r-devel-linux-x86_64-debian-gcc 0.4.6 2.75 42.02 44.77 NOTE
r-devel-linux-x86_64-fedora-clang 0.4.6 78.37 NOTE
r-devel-linux-x86_64-fedora-gcc 0.4.6 70.04 NOTE
r-devel-windows-x86_64 0.4.6 31.00 91.00 122.00 NOTE
r-devel-windows-x86_64-gcc10-UCRT 0.4.6 NOTE
r-patched-linux-x86_64 0.4.6 4.10 51.74 55.84 NOTE
r-patched-solaris-x86 0.4.6 92.40 NOTE
r-release-linux-x86_64 0.4.6 3.06 52.01 55.07 NOTE
r-release-macos-arm64 0.4.6 NOTE
r-release-macos-x86_64 0.4.6 NOTE
r-release-windows-ix86+x86_64 0.4.6 9.00 90.00 99.00 NOTE
r-oldrel-macos-x86_64 0.4.6 OK
r-oldrel-windows-ix86+x86_64 0.4.6 8.00 78.00 86.00 OK

Check Details

Version: 0.4.6
Check: LazyData
Result: NOTE
     'LazyData' is specified without a 'data' directory
Flavors: r-devel-linux-x86_64-debian-clang, r-devel-linux-x86_64-debian-gcc, r-devel-linux-x86_64-fedora-clang, r-devel-linux-x86_64-fedora-gcc, r-devel-windows-x86_64, r-devel-windows-x86_64-gcc10-UCRT, r-patched-linux-x86_64, r-patched-solaris-x86, r-release-linux-x86_64, r-release-macos-arm64, r-release-macos-x86_64, r-release-windows-ix86+x86_64