Last updated on 2021-07-01 01:49:17 CEST.
Flavor | Version | Tinstall | Tcheck | Ttotal | Status | Flags |
---|---|---|---|---|---|---|
r-devel-linux-x86_64-debian-clang | 1.0 | 35.89 | 25.81 | 61.70 | OK | |
r-devel-linux-x86_64-debian-gcc | 1.0 | 22.02 | 20.61 | 42.63 | OK | |
r-devel-linux-x86_64-fedora-clang | 1.0 | 89.01 | NOTE | |||
r-devel-linux-x86_64-fedora-gcc | 1.0 | 72.81 | NOTE | |||
r-devel-windows-x86_64 | 1.0 | 32.00 | 53.00 | 85.00 | OK | |
r-devel-windows-x86_64-gcc10-UCRT | 1.0 | OK | ||||
r-patched-linux-x86_64 | 1.0 | 25.85 | 24.79 | 50.64 | OK | |
r-patched-solaris-x86 | 1.0 | 84.10 | OK | |||
r-release-linux-x86_64 | 1.0 | 25.42 | 24.95 | 50.37 | OK | |
r-release-macos-arm64 | 1.0 | OK | ||||
r-release-macos-x86_64 | 1.0 | OK | ||||
r-release-windows-ix86+x86_64 | 1.0 | 54.00 | 63.00 | 117.00 | OK | |
r-oldrel-macos-x86_64 | 1.0 | OK | ||||
r-oldrel-windows-ix86+x86_64 | 1.0 | 77.00 | 63.00 | 140.00 | OK |
Version: 1.0
Check: compiled code
Result: NOTE
File ‘MetaheuristicFPA/libs/MetaheuristicFPA.so’:
Found no calls to: ‘R_registerRoutines’, ‘R_useDynamicSymbols’
It is good practice to register native routines and to disable symbol
search.
See ‘Writing portable packages’ in the ‘Writing R Extensions’ manual.
Flavors: r-devel-linux-x86_64-fedora-clang, r-devel-linux-x86_64-fedora-gcc