Last updated on 2021-07-01 01:49:18 CEST.
Flavor | Version | Tinstall | Tcheck | Ttotal | Status | Flags |
---|---|---|---|---|---|---|
r-devel-linux-x86_64-debian-clang | 0.2.4 | 66.92 | 69.68 | 136.60 | NOTE | |
r-devel-linux-x86_64-debian-gcc | 0.2.4 | 43.60 | 52.47 | 96.07 | NOTE | |
r-devel-linux-x86_64-fedora-clang | 0.2.4 | 188.26 | NOTE | |||
r-devel-linux-x86_64-fedora-gcc | 0.2.4 | 167.33 | NOTE | |||
r-devel-windows-x86_64 | 0.2.4 | 65.00 | 114.00 | 179.00 | NOTE | |
r-devel-windows-x86_64-gcc10-UCRT | 0.2.4 | NOTE | ||||
r-patched-linux-x86_64 | 0.2.4 | 51.81 | 66.66 | 118.47 | NOTE | |
r-patched-solaris-x86 | 0.2.4 | 177.00 | NOTE | |||
r-release-linux-x86_64 | 0.2.4 | 50.30 | 66.26 | 116.56 | NOTE | |
r-release-macos-arm64 | 0.2.4 | NOTE | ||||
r-release-macos-x86_64 | 0.2.4 | NOTE | ||||
r-release-windows-ix86+x86_64 | 0.2.4 | 116.00 | 123.00 | 239.00 | NOTE | |
r-oldrel-macos-x86_64 | 0.2.4 | OK | ||||
r-oldrel-windows-ix86+x86_64 | 0.2.4 | 149.00 | 123.00 | 272.00 | OK |
Version: 0.2.4
Check: LazyData
Result: NOTE
'LazyData' is specified without a 'data' directory
Flavors: r-devel-linux-x86_64-debian-clang, r-devel-linux-x86_64-debian-gcc, r-devel-linux-x86_64-fedora-clang, r-devel-linux-x86_64-fedora-gcc, r-devel-windows-x86_64, r-devel-windows-x86_64-gcc10-UCRT, r-patched-linux-x86_64, r-patched-solaris-x86, r-release-linux-x86_64, r-release-macos-arm64, r-release-macos-x86_64, r-release-windows-ix86+x86_64