CRAN Package Check Results for Package ModelMap

Last updated on 2021-07-01 01:49:18 CEST.

Flavor Version Tinstall Tcheck Ttotal Status Flags
r-devel-linux-x86_64-debian-clang 3.4.0.1 24.40 204.99 229.39 NOTE --no-vignettes
r-devel-linux-x86_64-debian-gcc 3.4.0.1 20.03 149.62 169.65 NOTE --no-vignettes
r-devel-linux-x86_64-fedora-clang 3.4.0.1 767.09 NOTE
r-devel-linux-x86_64-fedora-gcc 3.4.0.1 708.76 NOTE
r-devel-windows-x86_64 3.4.0.1 25.00 629.00 654.00 OK
r-devel-windows-x86_64-gcc10-UCRT 3.4.0.1 OK
r-patched-linux-x86_64 3.4.0.1 26.11 189.61 215.72 NOTE --no-vignettes
r-patched-solaris-x86 3.4.0.1 1129.50 NOTE
r-release-linux-x86_64 3.4.0.1 19.61 188.74 208.35 NOTE --no-vignettes
r-release-macos-arm64 3.4.0.1 OK
r-release-macos-x86_64 3.4.0.1 OK
r-release-windows-ix86+x86_64 3.4.0.1 49.00 605.00 654.00 OK
r-oldrel-macos-x86_64 3.4.0.1 OK
r-oldrel-windows-ix86+x86_64 3.4.0.1 50.00 558.00 608.00 OK

Check Details

Version: 3.4.0.1
Flags: --no-vignettes
Check: for non-standard things in the check directory
Result: NOTE
    Found the following files/directories:
     'BIO_TCandNLCD_NLCD.jpg' 'BIO_TCandNLCD_TCB.jpg'
     'BIO_TCandNLCD_TCG.jpg' 'BIO_TCandNLCD_TCW.jpg'
     'BIO_TCandNLCD_corrplot.jpg' 'BIO_TCandNLCD_mask_all_predictors.jpg'
     'BIO_TCandNLCD_projections.txt' 'RF_BIO_TCandNLCD_01.img'
     'RF_BIO_TCandNLCD_01.img.aux.xml'
     'RF_BIO_TCandNLCD_01_mapmake_arguments.txt'
     'RF_BIO_TCandNLCD_01_projections.txt' 'RF_BIO_TCandNLCD_OOB.csv'
     'RF_BIO_TCandNLCD_OOB_corrplot.jpg'
     'RF_BIO_TCandNLCD_OOB_corrplot.pdf' 'RF_BIO_TCandNLCD_OOB_error.jpg'
     'RF_BIO_TCandNLCD_OOB_error.pdf'
     'RF_BIO_TCandNLCD_OOB_importance.jpg'
     'RF_BIO_TCandNLCD_OOB_importance.pdf'
     'RF_BIO_TCandNLCD_OOB_scatterplot.jpg'
     'RF_BIO_TCandNLCD_OOB_scatterplot.pdf'
     'RF_BIO_TCandNLCD_model_building_arguments.txt'
     'RF_Bio_TC_model_building_arguments.txt' 'example.test.csv'
     'example.train.csv'
Flavors: r-devel-linux-x86_64-debian-clang, r-devel-linux-x86_64-debian-gcc, r-patched-linux-x86_64, r-release-linux-x86_64

Version: 3.4.0.1
Check: for non-standard things in the check directory
Result: NOTE
    Found the following files/directories:
     ‘BIO_TCandNLCD_NLCD.jpg’ ‘BIO_TCandNLCD_TCB.jpg’
     ‘BIO_TCandNLCD_TCG.jpg’ ‘BIO_TCandNLCD_TCW.jpg’
     ‘BIO_TCandNLCD_corrplot.jpg’ ‘BIO_TCandNLCD_mask_all_predictors.jpg’
     ‘BIO_TCandNLCD_projections.txt’ ‘RF_BIO_TCandNLCD_01.img’
     ‘RF_BIO_TCandNLCD_01.img.aux.xml’
     ‘RF_BIO_TCandNLCD_01_mapmake_arguments.txt’
     ‘RF_BIO_TCandNLCD_01_projections.txt’ ‘RF_BIO_TCandNLCD_OOB.csv’
     ‘RF_BIO_TCandNLCD_OOB_corrplot.jpg’
     ‘RF_BIO_TCandNLCD_OOB_corrplot.pdf’ ‘RF_BIO_TCandNLCD_OOB_error.jpg’
     ‘RF_BIO_TCandNLCD_OOB_error.pdf’
     ‘RF_BIO_TCandNLCD_OOB_importance.jpg’
     ‘RF_BIO_TCandNLCD_OOB_importance.pdf’
     ‘RF_BIO_TCandNLCD_OOB_scatterplot.jpg’
     ‘RF_BIO_TCandNLCD_OOB_scatterplot.pdf’
     ‘RF_BIO_TCandNLCD_model_building_arguments.txt’
     ‘RF_Bio_TC_model_building_arguments.txt’ ‘example.test.csv’
     ‘example.train.csv’
Flavors: r-devel-linux-x86_64-fedora-clang, r-devel-linux-x86_64-fedora-gcc, r-patched-solaris-x86