Last updated on 2021-07-01 01:49:19 CEST.
Flavor | Version | Tinstall | Tcheck | Ttotal | Status | Flags |
---|---|---|---|---|---|---|
r-devel-linux-x86_64-debian-clang | 1.2 | 5.34 | 44.46 | 49.80 | OK | |
r-devel-linux-x86_64-debian-gcc | 1.2 | 3.17 | 34.12 | 37.29 | OK | |
r-devel-linux-x86_64-fedora-clang | 1.2 | 70.55 | OK | |||
r-devel-linux-x86_64-fedora-gcc | 1.2 | 60.54 | OK | |||
r-devel-windows-x86_64 | 1.2 | 9.00 | 64.00 | 73.00 | OK | |
r-devel-windows-x86_64-gcc10-UCRT | 1.2 | OK | ||||
r-patched-linux-x86_64 | 1.2 | 4.59 | 43.28 | 47.87 | OK | |
r-patched-solaris-x86 | 1.2 | 89.40 | OK | |||
r-release-linux-x86_64 | 1.2 | 3.92 | 43.04 | 46.96 | OK | |
r-release-macos-arm64 | 1.2 | ERROR | ||||
r-release-macos-x86_64 | 1.2 | OK | ||||
r-release-windows-ix86+x86_64 | 1.2 | 8.00 | 50.00 | 58.00 | OK | |
r-oldrel-macos-x86_64 | 1.2 | OK | ||||
r-oldrel-windows-ix86+x86_64 | 1.2 | 8.00 | 48.00 | 56.00 | OK |
Version: 1.2
Check: whether package can be installed
Result: ERROR
Installation failed.
Flavor: r-release-macos-arm64