Last updated on 2021-07-01 01:49:19 CEST.
Flavor | Version | Tinstall | Tcheck | Ttotal | Status | Flags |
---|---|---|---|---|---|---|
r-devel-linux-x86_64-debian-clang | 1.0.2 | 19.24 | 153.83 | 173.07 | OK | |
r-devel-linux-x86_64-debian-gcc | 1.0.2 | 14.34 | 114.82 | 129.16 | OK | |
r-devel-linux-x86_64-fedora-clang | 1.0.2 | 218.38 | OK | |||
r-devel-linux-x86_64-fedora-gcc | 1.0.2 | 203.70 | OK | |||
r-devel-windows-x86_64 | 1.0.2 | 19.00 | 171.00 | 190.00 | OK | |
r-devel-windows-x86_64-gcc10-UCRT | 1.0.2 | OK | ||||
r-patched-linux-x86_64 | 1.0.2 | 19.64 | 142.71 | 162.35 | OK | |
r-patched-solaris-x86 | 1.0.2 | 294.80 | OK | |||
r-release-linux-x86_64 | 1.0.2 | 19.32 | 145.00 | 164.32 | OK | |
r-release-macos-arm64 | 1.0.2 | ERROR | ||||
r-release-macos-x86_64 | 1.0.2 | OK | ||||
r-release-windows-ix86+x86_64 | 1.0.2 | 29.00 | 162.00 | 191.00 | OK | |
r-oldrel-macos-x86_64 | 1.0.2 | OK | ||||
r-oldrel-windows-ix86+x86_64 | 1.0.2 | 39.00 | 146.00 | 185.00 | OK |
Version: 1.0.2
Check: package dependencies
Result: ERROR
Package required but not available: ‘Rsamtools’
See section ‘The DESCRIPTION file’ in the ‘Writing R Extensions’
manual.
Flavor: r-release-macos-arm64