Last updated on 2021-07-01 01:49:19 CEST.
Flavor | Version | Tinstall | Tcheck | Ttotal | Status | Flags |
---|---|---|---|---|---|---|
r-devel-linux-x86_64-debian-clang | 0.1.0 | 6.88 | 82.93 | 89.81 | NOTE | |
r-devel-linux-x86_64-debian-gcc | 0.1.0 | 5.63 | 62.47 | 68.10 | NOTE | |
r-devel-linux-x86_64-fedora-clang | 0.1.0 | 114.40 | NOTE | |||
r-devel-linux-x86_64-fedora-gcc | 0.1.0 | 106.04 | NOTE | |||
r-devel-windows-x86_64 | 0.1.0 | 19.00 | 105.00 | 124.00 | NOTE | |
r-devel-windows-x86_64-gcc10-UCRT | 0.1.0 | NOTE | ||||
r-patched-linux-x86_64 | 0.1.0 | 6.04 | 80.37 | 86.41 | NOTE | |
r-release-linux-x86_64 | 0.1.0 | 6.43 | 79.87 | 86.30 | NOTE | |
r-release-macos-arm64 | 0.1.0 | ERROR | ||||
r-release-macos-x86_64 | 0.1.0 | NOTE | ||||
r-release-windows-ix86+x86_64 | 0.1.0 | 12.00 | 94.00 | 106.00 | NOTE | |
r-oldrel-macos-x86_64 | 0.1.0 | NOTE | ||||
r-oldrel-windows-ix86+x86_64 | 0.1.0 | 12.00 | 87.00 | 99.00 | OK |
Version: 0.1.0
Check: LazyData
Result: NOTE
'LazyData' is specified without a 'data' directory
Flavors: r-devel-linux-x86_64-debian-clang, r-devel-linux-x86_64-debian-gcc, r-devel-linux-x86_64-fedora-clang, r-devel-linux-x86_64-fedora-gcc, r-devel-windows-x86_64, r-devel-windows-x86_64-gcc10-UCRT, r-patched-linux-x86_64, r-release-linux-x86_64, r-release-macos-arm64, r-release-macos-x86_64, r-release-windows-ix86+x86_64
Version: 0.1.0
Check: dependencies in R code
Result: NOTE
Namespace in Imports field not imported from: ‘rJava’
All declared Imports should be used.
Flavors: r-devel-linux-x86_64-fedora-clang, r-devel-linux-x86_64-fedora-gcc, r-devel-windows-x86_64-gcc10-UCRT, r-release-macos-x86_64, r-oldrel-macos-x86_64
Version: 0.1.0
Check: examples
Result: ERROR
Running examples in ‘NoiseFiltersR-Ex.R’ failed
The error most likely occurred in:
> ### Name: EF
> ### Title: Ensemble Filter
> ### Aliases: EF EF.default EF.formula
>
> ### ** Examples
>
> data(iris)
> # We fix a seed since there exists a random partition for the ensemble
> set.seed(1)
> out <- EF(Species~., data = iris, consensus = FALSE)
Flavor: r-release-macos-arm64
Version: 0.1.0
Check: re-building of vignette outputs
Result: WARN
Error(s) in re-building vignettes:
...
--- re-building ‘NoiseFiltersR.Rnw’ using knitr
Flavor: r-release-macos-arm64