Last updated on 2021-07-01 01:49:20 CEST.
Flavor | Version | Tinstall | Tcheck | Ttotal | Status | Flags |
---|---|---|---|---|---|---|
r-devel-linux-x86_64-debian-clang | 1.1.0 | 7.86 | 77.83 | 85.69 | OK | |
r-devel-linux-x86_64-debian-gcc | 1.1.0 | 5.52 | 59.46 | 64.98 | OK | |
r-devel-linux-x86_64-fedora-clang | 1.1.0 | 110.43 | OK | |||
r-devel-linux-x86_64-fedora-gcc | 1.1.0 | 102.37 | OK | |||
r-devel-windows-x86_64 | 1.1.0 | 10.00 | 100.00 | 110.00 | OK | |
r-devel-windows-x86_64-gcc10-UCRT | 1.1.0 | OK | ||||
r-patched-linux-x86_64 | 1.1.0 | 7.53 | 73.82 | 81.35 | OK | |
r-patched-solaris-x86 | 1.1.0 | 140.60 | OK | |||
r-release-linux-x86_64 | 1.1.0 | 7.01 | 73.83 | 80.84 | OK | |
r-release-macos-arm64 | 1.1.0 | NOTE | ||||
r-release-macos-x86_64 | 1.1.0 | OK | ||||
r-release-windows-ix86+x86_64 | 1.1.0 | 25.00 | 100.00 | 125.00 | OK | |
r-oldrel-macos-x86_64 | 1.1.0 | OK | ||||
r-oldrel-windows-ix86+x86_64 | 1.1.0 | 18.00 | 83.00 | 101.00 | OK |
Version: 1.1.0
Check: package dependencies
Result: NOTE
Package suggested but not available for checking: ‘BiocStyle’
Flavor: r-release-macos-arm64