Last updated on 2021-07-01 01:49:20 CEST.
Flavor | Version | Tinstall | Tcheck | Ttotal | Status | Flags |
---|---|---|---|---|---|---|
r-devel-linux-x86_64-debian-clang | 0.3 | 9.41 | 98.27 | 107.68 | NOTE | |
r-devel-linux-x86_64-debian-gcc | 0.3 | 7.53 | 72.66 | 80.19 | NOTE | |
r-devel-linux-x86_64-fedora-clang | 0.3 | 133.70 | NOTE | |||
r-devel-linux-x86_64-fedora-gcc | 0.3 | 122.22 | NOTE | |||
r-devel-windows-x86_64 | 0.3 | 12.00 | 117.00 | 129.00 | NOTE | |
r-devel-windows-x86_64-gcc10-UCRT | 0.3 | NOTE | ||||
r-patched-linux-x86_64 | 0.3 | 8.18 | 91.13 | 99.31 | NOTE | |
r-patched-solaris-x86 | 0.3 | 186.70 | NOTE | |||
r-release-linux-x86_64 | 0.3 | 9.65 | 92.30 | 101.95 | NOTE | |
r-release-macos-arm64 | 0.3 | NOTE | ||||
r-release-macos-x86_64 | 0.3 | NOTE | ||||
r-release-windows-ix86+x86_64 | 0.3 | 40.00 | 117.00 | 157.00 | NOTE | |
r-oldrel-macos-x86_64 | 0.3 | NOTE | ||||
r-oldrel-windows-ix86+x86_64 | 0.3 | 24.00 | 98.00 | 122.00 | OK |
Version: 0.3
Check: LazyData
Result: NOTE
'LazyData' is specified without a 'data' directory
Flavors: r-devel-linux-x86_64-debian-clang, r-devel-linux-x86_64-debian-gcc, r-devel-linux-x86_64-fedora-clang, r-devel-linux-x86_64-fedora-gcc, r-devel-windows-x86_64, r-devel-windows-x86_64-gcc10-UCRT, r-patched-linux-x86_64, r-patched-solaris-x86, r-release-linux-x86_64, r-release-macos-arm64, r-release-macos-x86_64, r-release-windows-ix86+x86_64
Version: 0.3
Check: dependencies in R code
Result: NOTE
Namespaces in Imports field not imported from:
‘randomForest’ ‘ranger’
All declared Imports should be used.
Flavors: r-devel-linux-x86_64-fedora-clang, r-devel-linux-x86_64-fedora-gcc, r-devel-windows-x86_64-gcc10-UCRT, r-patched-solaris-x86, r-release-macos-arm64, r-release-macos-x86_64, r-oldrel-macos-x86_64