CRAN Package Check Results for Package OjaNP

Last updated on 2021-07-01 01:49:20 CEST.

Flavor Version Tinstall Tcheck Ttotal Status Flags
r-devel-linux-x86_64-debian-clang 1.0-0 79.83 76.08 155.91 OK
r-devel-linux-x86_64-debian-gcc 1.0-0 50.83 57.65 108.48 OK
r-devel-linux-x86_64-fedora-clang 1.0-0 240.27 OK
r-devel-linux-x86_64-fedora-gcc 1.0-0 190.60 OK
r-devel-windows-x86_64 1.0-0 98.00 110.00 208.00 OK
r-devel-windows-x86_64-gcc10-UCRT 1.0-0 OK
r-patched-linux-x86_64 1.0-0 62.18 73.29 135.47 OK
r-patched-solaris-x86 1.0-0 207.90 OK
r-release-linux-x86_64 1.0-0 62.41 74.17 136.58 OK
r-release-macos-arm64 1.0-0 NOTE
r-release-macos-x86_64 1.0-0 OK
r-release-windows-ix86+x86_64 1.0-0 166.00 136.00 302.00 OK
r-oldrel-macos-x86_64 1.0-0 OK
r-oldrel-windows-ix86+x86_64 1.0-0 178.00 122.00 300.00 OK

Check Details

Version: 1.0-0
Check: installed package size
Result: NOTE
     installed size is 5.2Mb
     sub-directories of 1Mb or more:
     libs 4.9Mb
Flavor: r-release-macos-arm64