Last updated on 2021-07-01 01:49:20 CEST.
Flavor | Version | Tinstall | Tcheck | Ttotal | Status | Flags |
---|---|---|---|---|---|---|
r-devel-linux-x86_64-debian-clang | 1.0 | 4.25 | 225.84 | 230.09 | NOTE | |
r-devel-linux-x86_64-debian-gcc | 1.0 | 3.37 | 187.42 | 190.79 | NOTE | |
r-devel-linux-x86_64-fedora-clang | 1.0 | 279.01 | NOTE | |||
r-devel-linux-x86_64-fedora-gcc | 1.0 | 277.15 | NOTE | |||
r-devel-windows-x86_64 | 1.0 | 5.00 | 298.00 | 303.00 | NOTE | |
r-devel-windows-x86_64-gcc10-UCRT | 1.0 | NOTE | ||||
r-patched-linux-x86_64 | 1.0 | 4.39 | 221.33 | 225.72 | NOTE | |
r-patched-solaris-x86 | 1.0 | 539.20 | NOTE | --no-build-vignettes | ||
r-release-linux-x86_64 | 1.0 | 3.79 | 221.62 | 225.41 | NOTE | |
r-release-macos-arm64 | 1.0 | NOTE | ||||
r-release-macos-x86_64 | 1.0 | NOTE | ||||
r-release-windows-ix86+x86_64 | 1.0 | 17.00 | 281.00 | 298.00 | NOTE | |
r-oldrel-macos-x86_64 | 1.0 | NOTE | ||||
r-oldrel-windows-ix86+x86_64 | 1.0 | 8.00 | 296.00 | 304.00 | NOTE |
Version: 1.0
Check: DESCRIPTION meta-information
Result: NOTE
Malformed Title field: should not end in a period.
Flavors: r-devel-linux-x86_64-debian-clang, r-devel-linux-x86_64-debian-gcc, r-devel-linux-x86_64-fedora-clang, r-devel-linux-x86_64-fedora-gcc, r-devel-windows-x86_64, r-devel-windows-x86_64-gcc10-UCRT, r-patched-linux-x86_64, r-release-linux-x86_64, r-release-macos-arm64, r-release-macos-x86_64, r-release-windows-ix86+x86_64, r-oldrel-macos-x86_64, r-oldrel-windows-ix86+x86_64
Version: 1.0
Check: R code for possible problems
Result: NOTE
CalGIF: no visible binding for global variable 'PAGIData'
CalGIF2: no visible binding for global variable 'PAGIData'
PAGI.Main: no visible binding for global variable 'PAGIData'
PAGI.Main: no visible global function definition for 'p.adjust'
PAGI.Main: no visible global function definition for 'pt'
getclass.labels: no visible binding for global variable 'ExampleData'
getdataset: no visible binding for global variable 'ExampleData'
Undefined global functions or variables:
ExampleData PAGIData p.adjust pt
Consider adding
importFrom("stats", "p.adjust", "pt")
to your NAMESPACE file.
Flavors: r-devel-linux-x86_64-debian-clang, r-devel-linux-x86_64-debian-gcc, r-devel-linux-x86_64-fedora-clang, r-devel-linux-x86_64-fedora-gcc, r-devel-windows-x86_64, r-devel-windows-x86_64-gcc10-UCRT, r-patched-linux-x86_64, r-release-linux-x86_64, r-release-macos-arm64, r-release-macos-x86_64, r-release-windows-ix86+x86_64, r-oldrel-macos-x86_64, r-oldrel-windows-ix86+x86_64
Version: 1.0
Check: Rd line widths
Result: NOTE
Rd file 'CalGIF.Rd':
\examples lines wider than 100 characters:
###calculate the global influence factor (GIF) by using the random walk with restart (RWR) algorithm###
Rd file 'PAGI.Main.Rd':
\examples lines wider than 100 characters:
#Its columns include "Gene number in the (sorted) pathway", "gene symbol from the gene express data",
#"location of the gene in the sorted gene list", "the T-score of gene between two biological states",
#Its columns include "Gene number in the (sorted) pathway", "gene symbol from the gene express data",
#"location of the gene in the sorted gene list", "the T-score of gene between two biological states",
These lines will be truncated in the PDF manual.
Flavors: r-devel-linux-x86_64-debian-clang, r-devel-linux-x86_64-debian-gcc, r-devel-linux-x86_64-fedora-clang, r-devel-linux-x86_64-fedora-gcc, r-patched-linux-x86_64, r-release-linux-x86_64
Version: 1.0
Check: installed package size
Result: NOTE
installed size is 5.0Mb
sub-directories of 1Mb or more:
data 1.6Mb
localdata 3.1Mb
Flavor: r-devel-linux-x86_64-fedora-clang
Version: 1.0
Flags: --no-build-vignettes
Check: installed package size
Result: NOTE
installed size is 5.1Mb
sub-directories of 1Mb or more:
data 1.6Mb
localdata 3.1Mb
Flavor: r-patched-solaris-x86
Version: 1.0
Flags: --no-build-vignettes
Check: DESCRIPTION meta-information
Result: NOTE
Malformed Title field: should not end in a period.
Flavor: r-patched-solaris-x86
Version: 1.0
Flags: --no-build-vignettes
Check: R code for possible problems
Result: NOTE
CalGIF: no visible binding for global variable ‘PAGIData’
CalGIF2: no visible binding for global variable ‘PAGIData’
PAGI.Main: no visible binding for global variable ‘PAGIData’
PAGI.Main: no visible global function definition for ‘p.adjust’
PAGI.Main: no visible global function definition for ‘pt’
getclass.labels: no visible binding for global variable ‘ExampleData’
getdataset: no visible binding for global variable ‘ExampleData’
Undefined global functions or variables:
ExampleData PAGIData p.adjust pt
Consider adding
importFrom("stats", "p.adjust", "pt")
to your NAMESPACE file.
Flavor: r-patched-solaris-x86