Last updated on 2021-07-01 01:49:22 CEST.
Flavor | Version | Tinstall | Tcheck | Ttotal | Status | Flags |
---|---|---|---|---|---|---|
r-devel-linux-x86_64-debian-clang | 0.4 | 2.73 | 53.51 | 56.24 | NOTE | |
r-devel-linux-x86_64-debian-gcc | 0.4 | 2.20 | 38.56 | 40.76 | NOTE | |
r-devel-linux-x86_64-fedora-clang | 0.4 | 73.45 | NOTE | |||
r-devel-linux-x86_64-fedora-gcc | 0.4 | 62.88 | NOTE | |||
r-devel-windows-x86_64 | 0.4 | 5.00 | 68.00 | 73.00 | NOTE | |
r-devel-windows-x86_64-gcc10-UCRT | 0.4 | NOTE | ||||
r-patched-linux-x86_64 | 0.4 | 2.47 | 48.15 | 50.62 | NOTE | |
r-patched-solaris-x86 | 0.4 | 91.70 | NOTE | |||
r-release-linux-x86_64 | 0.4 | 2.22 | 48.22 | 50.44 | NOTE | |
r-release-macos-arm64 | 0.4 | NOTE | ||||
r-release-macos-x86_64 | 0.4 | NOTE | ||||
r-release-windows-ix86+x86_64 | 0.4 | 7.00 | 68.00 | 75.00 | NOTE | |
r-oldrel-macos-x86_64 | 0.4 | NOTE | ||||
r-oldrel-windows-ix86+x86_64 | 0.4 | 6.00 | 59.00 | 65.00 | NOTE |
Version: 0.4
Check: LazyData
Result: NOTE
'LazyData' is specified without a 'data' directory
Flavors: r-devel-linux-x86_64-debian-clang, r-devel-linux-x86_64-debian-gcc, r-devel-linux-x86_64-fedora-clang, r-devel-linux-x86_64-fedora-gcc, r-devel-windows-x86_64, r-devel-windows-x86_64-gcc10-UCRT, r-patched-linux-x86_64, r-patched-solaris-x86, r-release-linux-x86_64, r-release-macos-arm64, r-release-macos-x86_64, r-release-windows-ix86+x86_64
Version: 0.4
Check: package vignettes
Result: NOTE
Package vignette with placeholder title 'Vignette Title':
'PSF_vignette.Rmd'
Flavors: r-devel-linux-x86_64-debian-clang, r-devel-linux-x86_64-debian-gcc, r-devel-windows-x86_64, r-patched-linux-x86_64, r-release-linux-x86_64, r-release-windows-ix86+x86_64, r-oldrel-windows-ix86+x86_64
Version: 0.4
Check: dependencies in R code
Result: NOTE
Namespaces in Imports field not imported from:
‘forecast’ ‘knitr’
All declared Imports should be used.
Flavors: r-devel-linux-x86_64-fedora-clang, r-devel-linux-x86_64-fedora-gcc, r-devel-windows-x86_64-gcc10-UCRT, r-patched-solaris-x86, r-release-macos-arm64, r-release-macos-x86_64, r-oldrel-macos-x86_64