Last updated on 2021-07-01 01:49:22 CEST.
Flavor | Version | Tinstall | Tcheck | Ttotal | Status | Flags |
---|---|---|---|---|---|---|
r-devel-linux-x86_64-debian-clang | 0.2.0 | 8.36 | 49.08 | 57.44 | OK | |
r-devel-linux-x86_64-debian-gcc | 0.2.0 | 6.45 | 36.90 | 43.35 | OK | |
r-devel-linux-x86_64-fedora-clang | 0.2.0 | 80.17 | NOTE | |||
r-devel-linux-x86_64-fedora-gcc | 0.2.0 | 64.67 | NOTE | |||
r-devel-windows-x86_64 | 0.2.0 | 13.00 | 65.00 | 78.00 | OK | |
r-devel-windows-x86_64-gcc10-UCRT | 0.2.0 | NOTE | ||||
r-patched-linux-x86_64 | 0.2.0 | 8.55 | 45.31 | 53.86 | OK | |
r-patched-solaris-x86 | 0.2.0 | 97.20 | NOTE | |||
r-release-linux-x86_64 | 0.2.0 | 7.79 | 45.37 | 53.16 | OK | |
r-release-macos-arm64 | 0.2.0 | NOTE | ||||
r-release-macos-x86_64 | 0.2.0 | NOTE | ||||
r-release-windows-ix86+x86_64 | 0.2.0 | 32.00 | 65.00 | 97.00 | OK | |
r-oldrel-macos-x86_64 | 0.2.0 | NOTE | ||||
r-oldrel-windows-ix86+x86_64 | 0.2.0 | 17.00 | 54.00 | 71.00 | OK |
Version: 0.2.0
Check: data for non-ASCII characters
Result: NOTE
Note: found 26 marked Latin-1 strings
Flavors: r-devel-linux-x86_64-fedora-clang, r-devel-linux-x86_64-fedora-gcc, r-devel-windows-x86_64-gcc10-UCRT, r-patched-solaris-x86, r-release-macos-arm64, r-release-macos-x86_64, r-oldrel-macos-x86_64
Version: 0.2.0
Check: installed package size
Result: NOTE
installed size is 5.0Mb
sub-directories of 1Mb or more:
data 4.9Mb
Flavor: r-release-macos-arm64