CRAN Package Check Results for Package PUlasso

Last updated on 2021-07-01 01:49:22 CEST.

Flavor Version Tinstall Tcheck Ttotal Status Flags
r-devel-linux-x86_64-debian-clang 3.2.4 206.40 112.18 318.58 OK
r-devel-linux-x86_64-debian-gcc 3.2.4 146.14 85.10 231.24 OK
r-devel-linux-x86_64-fedora-clang 3.2.4 469.83 NOTE
r-devel-linux-x86_64-fedora-gcc 3.2.4 404.76 OK
r-devel-windows-x86_64 3.2.4 157.00 146.00 303.00 OK
r-devel-windows-x86_64-gcc10-UCRT 3.2.4 OK
r-patched-linux-x86_64 3.2.4 162.64 108.97 271.61 OK
r-patched-solaris-x86 3.2.4 378.50 OK
r-release-linux-x86_64 3.2.4 167.68 109.09 276.77 OK
r-release-macos-arm64 3.2.4 NOTE
r-release-macos-x86_64 3.2.4 NOTE
r-release-windows-ix86+x86_64 3.2.4 368.00 200.00 568.00 OK
r-oldrel-macos-x86_64 3.2.4 NOTE
r-oldrel-windows-ix86+x86_64 3.2.4 420.00 172.00 592.00 OK

Check Details

Version: 3.2.4
Check: installed package size
Result: NOTE
     installed size is 32.6Mb
     sub-directories of 1Mb or more:
     libs 32.1Mb
Flavors: r-devel-linux-x86_64-fedora-clang, r-release-macos-arm64, r-release-macos-x86_64, r-oldrel-macos-x86_64