Last updated on 2021-07-01 01:49:21 CEST.
Flavor | Version | Tinstall | Tcheck | Ttotal | Status | Flags |
---|---|---|---|---|---|---|
r-devel-linux-x86_64-debian-clang | 2.0.4 | 23.74 | 380.64 | 404.38 | OK | |
r-devel-linux-x86_64-debian-gcc | 2.0.4 | 19.49 | 279.05 | 298.54 | OK | |
r-devel-linux-x86_64-fedora-clang | 2.0.4 | 476.18 | NOTE | |||
r-devel-linux-x86_64-fedora-gcc | 2.0.4 | 475.10 | OK | |||
r-devel-windows-x86_64 | 2.0.4 | 28.00 | 241.00 | 269.00 | OK | --no-vignettes |
r-devel-windows-x86_64-gcc10-UCRT | 2.0.4 | OK | ||||
r-patched-linux-x86_64 | 2.0.4 | 28.25 | 353.79 | 382.04 | OK | |
r-patched-solaris-x86 | 2.0.4 | 679.70 | OK | |||
r-release-linux-x86_64 | 2.0.4 | 25.76 | 354.50 | 380.26 | OK | |
r-release-macos-arm64 | 2.0.4 | OK | ||||
r-release-macos-x86_64 | 2.0.4 | OK | ||||
r-release-windows-ix86+x86_64 | 2.0.4 | 31.00 | 354.00 | 385.00 | OK | --no-vignettes |
r-oldrel-macos-x86_64 | 2.0.4 | OK | ||||
r-oldrel-windows-ix86+x86_64 | 2.0.4 | 46.00 | 352.00 | 398.00 | OK | --no-vignettes |
Version: 2.0.4
Check: Rd cross-references
Result: NOTE
Undeclared packages ‘timeSeries’, ‘tseries’, ‘car’, ‘gplots’ in Rd xrefs
Flavor: r-devel-linux-x86_64-fedora-clang