CRAN Package Check Results for Package PerseusR

Last updated on 2021-07-01 01:49:21 CEST.

Flavor Version Tinstall Tcheck Ttotal Status Flags
r-devel-linux-x86_64-debian-clang 0.3.4 7.65 55.58 63.23 NOTE
r-devel-linux-x86_64-debian-gcc 0.3.4 5.73 42.43 48.16 NOTE
r-devel-linux-x86_64-fedora-clang 0.3.4 83.96 NOTE
r-devel-linux-x86_64-fedora-gcc 0.3.4 74.09 NOTE
r-devel-windows-x86_64 0.3.4 7.00 77.00 84.00 NOTE
r-devel-windows-x86_64-gcc10-UCRT 0.3.4 NOTE
r-patched-linux-x86_64 0.3.4 9.53 53.13 62.66 NOTE
r-patched-solaris-x86 0.3.4 104.50 NOTE
r-release-linux-x86_64 0.3.4 6.69 53.20 59.89 NOTE
r-release-macos-arm64 0.3.4 NOTE
r-release-macos-x86_64 0.3.4 NOTE
r-release-windows-ix86+x86_64 0.3.4 11.00 72.00 83.00 NOTE
r-oldrel-macos-x86_64 0.3.4 OK
r-oldrel-windows-ix86+x86_64 0.3.4 16.00 78.00 94.00 OK

Check Details

Version: 0.3.4
Check: LazyData
Result: NOTE
     'LazyData' is specified without a 'data' directory
Flavors: r-devel-linux-x86_64-debian-clang, r-devel-linux-x86_64-debian-gcc, r-devel-linux-x86_64-fedora-clang, r-devel-linux-x86_64-fedora-gcc, r-devel-windows-x86_64, r-devel-windows-x86_64-gcc10-UCRT, r-patched-linux-x86_64, r-patched-solaris-x86, r-release-linux-x86_64, r-release-macos-arm64, r-release-macos-x86_64, r-release-windows-ix86+x86_64