CRAN Package Check Results for Package PointFore

Last updated on 2021-07-01 01:49:21 CEST.

Flavor Version Tinstall Tcheck Ttotal Status Flags
r-devel-linux-x86_64-debian-clang 0.2.0 6.04 133.05 139.09 OK
r-devel-linux-x86_64-debian-gcc 0.2.0 4.24 91.15 95.39 OK
r-devel-linux-x86_64-fedora-clang 0.2.0 163.24 NOTE
r-devel-linux-x86_64-fedora-gcc 0.2.0 155.73 NOTE
r-devel-windows-x86_64 0.2.0 7.00 156.00 163.00 OK
r-devel-windows-x86_64-gcc10-UCRT 0.2.0 NOTE
r-patched-linux-x86_64 0.2.0 5.62 119.89 125.51 OK
r-patched-solaris-x86 0.2.0 212.40 NOTE
r-release-linux-x86_64 0.2.0 5.15 120.97 126.12 OK
r-release-macos-arm64 0.2.0 NOTE
r-release-macos-x86_64 0.2.0 NOTE
r-release-windows-ix86+x86_64 0.2.0 15.00 167.00 182.00 OK
r-oldrel-macos-x86_64 0.2.0 NOTE
r-oldrel-windows-ix86+x86_64 0.2.0 11.00 159.00 170.00 OK

Check Details

Version: 0.2.0
Check: dependencies in R code
Result: NOTE
    Namespaces in Imports field not imported from:
     ‘car’ ‘lubridate’
     All declared Imports should be used.
Flavors: r-devel-linux-x86_64-fedora-clang, r-devel-linux-x86_64-fedora-gcc, r-devel-windows-x86_64-gcc10-UCRT, r-patched-solaris-x86, r-release-macos-arm64, r-release-macos-x86_64, r-oldrel-macos-x86_64