Last updated on 2021-07-01 01:49:21 CEST.
Flavor | Version | Tinstall | Tcheck | Ttotal | Status | Flags |
---|---|---|---|---|---|---|
r-devel-linux-x86_64-debian-clang | 0.6.0 | 24.74 | 472.70 | 497.44 | OK | |
r-devel-linux-x86_64-debian-gcc | 0.6.0 | 18.19 | 322.46 | 340.65 | OK | |
r-devel-linux-x86_64-fedora-clang | 0.6.0 | 576.46 | OK | |||
r-devel-linux-x86_64-fedora-gcc | 0.6.0 | 556.25 | OK | |||
r-devel-windows-x86_64 | 0.6.0 | 36.00 | 522.00 | 558.00 | OK | |
r-devel-windows-x86_64-gcc10-UCRT | 0.6.0 | OK | ||||
r-patched-linux-x86_64 | 0.6.0 | 21.34 | 427.63 | 448.97 | OK | |
r-patched-solaris-x86 | 0.6.0 | 664.30 | NOTE | |||
r-release-linux-x86_64 | 0.6.0 | 19.48 | 428.98 | 448.46 | OK | |
r-release-macos-arm64 | 0.6.0 | OK | ||||
r-release-macos-x86_64 | 0.6.0 | OK | ||||
r-release-windows-ix86+x86_64 | 0.6.0 | 44.00 | 525.00 | 569.00 | OK | |
r-oldrel-macos-x86_64 | 0.6.0 | OK | ||||
r-oldrel-windows-ix86+x86_64 | 0.6.0 | 39.00 | 420.00 | 459.00 | OK |
Version: 0.6.0
Check: installed package size
Result: NOTE
installed size is 5.0Mb
sub-directories of 1Mb or more:
doc 1.6Mb
test 1.2Mb
Flavor: r-patched-solaris-x86