Last updated on 2021-07-01 01:49:21 CEST.
Flavor | Version | Tinstall | Tcheck | Ttotal | Status | Flags |
---|---|---|---|---|---|---|
r-devel-linux-x86_64-debian-clang | 1.1.1 | 2.83 | 28.20 | 31.03 | NOTE | |
r-devel-linux-x86_64-debian-gcc | 1.1.1 | 2.08 | 22.01 | 24.09 | NOTE | |
r-devel-linux-x86_64-fedora-clang | 1.1.1 | 46.31 | NOTE | |||
r-devel-linux-x86_64-fedora-gcc | 1.1.1 | 35.75 | NOTE | |||
r-devel-windows-x86_64 | 1.1.1 | 4.00 | 45.00 | 49.00 | NOTE | |
r-devel-windows-x86_64-gcc10-UCRT | 1.1.1 | NOTE | ||||
r-patched-linux-x86_64 | 1.1.1 | 2.41 | 27.35 | 29.76 | NOTE | |
r-release-linux-x86_64 | 1.1.1 | 2.40 | 27.59 | 29.99 | NOTE | |
r-release-macos-arm64 | 1.1.1 | ERROR | ||||
r-release-macos-x86_64 | 1.1.1 | NOTE | ||||
r-release-windows-ix86+x86_64 | 1.1.1 | 5.00 | 42.00 | 47.00 | NOTE | |
r-oldrel-macos-x86_64 | 1.1.1 | OK | ||||
r-oldrel-windows-ix86+x86_64 | 1.1.1 | 6.00 | 43.00 | 49.00 | OK |
Version: 1.1.1
Check: LazyData
Result: NOTE
'LazyData' is specified without a 'data' directory
Flavors: r-devel-linux-x86_64-debian-clang, r-devel-linux-x86_64-debian-gcc, r-devel-linux-x86_64-fedora-clang, r-devel-linux-x86_64-fedora-gcc, r-devel-windows-x86_64, r-devel-windows-x86_64-gcc10-UCRT, r-patched-linux-x86_64, r-release-linux-x86_64, r-release-macos-x86_64, r-release-windows-ix86+x86_64
Version: 1.1.1
Check: package dependencies
Result: ERROR
Package required but not available: ‘Rsymphony’
See section ‘The DESCRIPTION file’ in the ‘Writing R Extensions’
manual.
Flavor: r-release-macos-arm64