Last updated on 2021-07-01 01:49:22 CEST.
Flavor | Version | Tinstall | Tcheck | Ttotal | Status | Flags |
---|---|---|---|---|---|---|
r-devel-linux-x86_64-debian-clang | 1.3.3 | 69.98 | 113.72 | 183.70 | OK | |
r-devel-linux-x86_64-debian-gcc | 1.3.3 | 45.97 | 83.78 | 129.75 | OK | |
r-devel-linux-x86_64-fedora-clang | 1.3.3 | 264.38 | NOTE | |||
r-devel-linux-x86_64-fedora-gcc | 1.3.3 | 197.09 | OK | |||
r-devel-windows-x86_64 | 1.3.3 | 42.00 | 157.00 | 199.00 | NOTE | |
r-devel-windows-x86_64-gcc10-UCRT | 1.3.3 | NOTE | ||||
r-patched-linux-x86_64 | 1.3.3 | 62.03 | 110.10 | 172.13 | OK | |
r-patched-solaris-x86 | 1.3.3 | 295.00 | NOTE | |||
r-release-linux-x86_64 | 1.3.3 | 54.81 | 108.72 | 163.53 | OK | |
r-release-macos-arm64 | 1.3.3 | NOTE | ||||
r-release-macos-x86_64 | 1.3.3 | NOTE | ||||
r-release-windows-ix86+x86_64 | 1.3.3 | 80.00 | 184.00 | 264.00 | NOTE | |
r-oldrel-macos-x86_64 | 1.3.3 | NOTE | ||||
r-oldrel-windows-ix86+x86_64 | 1.3.3 | 102.00 | 165.00 | 267.00 | NOTE |
Version: 1.3.3
Check: installed package size
Result: NOTE
installed size is 13.7Mb
sub-directories of 1Mb or more:
extdata 7.4Mb
libs 5.2Mb
Flavors: r-devel-linux-x86_64-fedora-clang, r-devel-windows-x86_64, r-patched-solaris-x86, r-release-macos-arm64, r-release-macos-x86_64, r-release-windows-ix86+x86_64, r-oldrel-macos-x86_64, r-oldrel-windows-ix86+x86_64
Version: 1.3.3
Check: line endings in C/C++/Fortran sources/headers
Result: NOTE
Found the following sources/headers not terminated with a newline:
src/libprofit/include/profit/config.h
Some compilers warn on such files.
Flavor: r-devel-windows-x86_64-gcc10-UCRT