Last updated on 2021-07-01 01:49:22 CEST.
Flavor | Version | Tinstall | Tcheck | Ttotal | Status | Flags |
---|---|---|---|---|---|---|
r-devel-linux-x86_64-debian-clang | 0.0.3 | 5.83 | 134.43 | 140.26 | OK | |
r-devel-linux-x86_64-debian-gcc | 0.0.3 | 5.35 | 93.96 | 99.31 | OK | |
r-devel-linux-x86_64-fedora-clang | 0.0.3 | 168.84 | NOTE | |||
r-devel-linux-x86_64-fedora-gcc | 0.0.3 | 157.75 | NOTE | |||
r-devel-windows-x86_64 | 0.0.3 | 36.00 | 158.00 | 194.00 | OK | |
r-devel-windows-x86_64-gcc10-UCRT | 0.0.3 | NOTE | ||||
r-patched-linux-x86_64 | 0.0.3 | 6.74 | 121.77 | 128.51 | OK | |
r-patched-solaris-x86 | 0.0.3 | 217.90 | NOTE | |||
r-release-linux-x86_64 | 0.0.3 | 6.69 | 122.35 | 129.04 | OK | |
r-release-macos-arm64 | 0.0.3 | NOTE | ||||
r-release-macos-x86_64 | 0.0.3 | NOTE | ||||
r-release-windows-ix86+x86_64 | 0.0.3 | 18.00 | 163.00 | 181.00 | OK | |
r-oldrel-macos-x86_64 | 0.0.3 | NOTE | ||||
r-oldrel-windows-ix86+x86_64 | 0.0.3 | 16.00 | 133.00 | 149.00 | OK |
Version: 0.0.3
Check: dependencies in R code
Result: NOTE
Namespaces in Imports field not imported from:
‘data.table’ ‘itsadug’ ‘mgcv’
All declared Imports should be used.
Flavors: r-devel-linux-x86_64-fedora-clang, r-devel-linux-x86_64-fedora-gcc, r-devel-windows-x86_64-gcc10-UCRT, r-patched-solaris-x86, r-release-macos-arm64, r-release-macos-x86_64, r-oldrel-macos-x86_64