Last updated on 2021-07-01 01:49:22 CEST.
Flavor | Version | Tinstall | Tcheck | Ttotal | Status | Flags |
---|---|---|---|---|---|---|
r-devel-linux-x86_64-debian-clang | 1.1.0 | 114.15 | 91.72 | 205.87 | OK | |
r-devel-linux-x86_64-debian-gcc | 1.1.0 | 94.38 | 67.16 | 161.54 | OK | |
r-devel-linux-x86_64-fedora-clang | 1.1.0 | 284.84 | NOTE | |||
r-devel-linux-x86_64-fedora-gcc | 1.1.0 | 276.19 | NOTE | |||
r-devel-windows-x86_64 | 1.1.0 | 101.00 | 127.00 | 228.00 | NOTE | |
r-devel-windows-x86_64-gcc10-UCRT | 1.1.0 | OK | ||||
r-patched-linux-x86_64 | 1.1.0 | 105.26 | 84.64 | 189.90 | OK | |
r-patched-solaris-x86 | 1.1.0 | 244.20 | OK | |||
r-release-linux-x86_64 | 1.1.0 | 101.92 | 85.38 | 187.30 | OK | |
r-release-macos-arm64 | 1.1.0 | NOTE | ||||
r-release-macos-x86_64 | 1.1.0 | NOTE | ||||
r-release-windows-ix86+x86_64 | 1.1.0 | 217.00 | 166.00 | 383.00 | NOTE | |
r-oldrel-macos-x86_64 | 1.1.0 | NOTE | ||||
r-oldrel-windows-ix86+x86_64 | 1.1.0 | 214.00 | 136.00 | 350.00 | NOTE |
Version: 1.1.0
Check: installed package size
Result: NOTE
installed size is 29.6Mb
sub-directories of 1Mb or more:
doc 1.5Mb
libs 27.6Mb
Flavors: r-devel-linux-x86_64-fedora-clang, r-devel-windows-x86_64, r-release-macos-arm64, r-release-macos-x86_64, r-release-windows-ix86+x86_64, r-oldrel-macos-x86_64, r-oldrel-windows-ix86+x86_64
Version: 1.1.0
Check: compiled code
Result: NOTE
File ‘QFASA/libs/QFASA.so’:
Found no calls to: ‘R_registerRoutines’, ‘R_useDynamicSymbols’
It is good practice to register native routines and to disable symbol
search.
See ‘Writing portable packages’ in the ‘Writing R Extensions’ manual.
Flavors: r-devel-linux-x86_64-fedora-clang, r-devel-linux-x86_64-fedora-gcc