CRAN Package Check Results for Package QRAGadget

Last updated on 2021-07-01 01:49:22 CEST.

Flavor Version Tinstall Tcheck Ttotal Status Flags
r-devel-linux-x86_64-debian-clang 0.1.0 10.67 83.39 94.06 NOTE
r-devel-linux-x86_64-debian-gcc 0.1.0 8.06 64.56 72.62 NOTE
r-devel-linux-x86_64-fedora-clang 0.1.0 118.41 NOTE
r-devel-linux-x86_64-fedora-gcc 0.1.0 108.51 NOTE
r-devel-windows-x86_64 0.1.0 17.00 103.00 120.00 NOTE
r-devel-windows-x86_64-gcc10-UCRT 0.1.0 NOTE
r-patched-linux-x86_64 0.1.0 9.78 80.48 90.26 NOTE
r-patched-solaris-x86 0.1.0 158.10 NOTE
r-release-linux-x86_64 0.1.0 7.64 80.66 88.30 NOTE
r-release-macos-arm64 0.1.0 NOTE
r-release-macos-x86_64 0.1.0 NOTE
r-release-windows-ix86+x86_64 0.1.0 22.00 105.00 127.00 NOTE
r-oldrel-macos-x86_64 0.1.0 OK
r-oldrel-windows-ix86+x86_64 0.1.0 23.00 85.00 108.00 OK

Check Details

Version: 0.1.0
Check: LazyData
Result: NOTE
     'LazyData' is specified without a 'data' directory
Flavors: r-devel-linux-x86_64-debian-clang, r-devel-linux-x86_64-debian-gcc, r-devel-linux-x86_64-fedora-clang, r-devel-linux-x86_64-fedora-gcc, r-devel-windows-x86_64, r-devel-windows-x86_64-gcc10-UCRT, r-patched-linux-x86_64, r-patched-solaris-x86, r-release-linux-x86_64, r-release-macos-arm64, r-release-macos-x86_64, r-release-windows-ix86+x86_64