CRAN Package Check Results for Package R.methodsS3

Last updated on 2021-07-01 01:49:22 CEST.

Flavor Version Tinstall Tcheck Ttotal Status Flags
r-devel-linux-x86_64-debian-clang 1.8.1 2.38 27.91 30.29 OK
r-devel-linux-x86_64-debian-gcc 1.8.1 1.77 21.78 23.55 OK
r-devel-linux-x86_64-fedora-clang 1.8.1 45.96 NOTE
r-devel-linux-x86_64-fedora-gcc 1.8.1 35.58 OK
r-devel-windows-x86_64 1.8.1 5.00 40.00 45.00 OK
r-devel-windows-x86_64-gcc10-UCRT 1.8.1 OK
r-patched-linux-x86_64 1.8.1 2.65 26.78 29.43 OK
r-patched-solaris-x86 1.8.1 53.50 OK
r-release-linux-x86_64 1.8.1 2.34 26.80 29.14 OK
r-release-macos-arm64 1.8.1 OK
r-release-macos-x86_64 1.8.1 OK
r-release-windows-ix86+x86_64 1.8.1 5.00 36.00 41.00 OK
r-oldrel-macos-x86_64 1.8.1 OK
r-oldrel-windows-ix86+x86_64 1.8.1 5.00 30.00 35.00 OK

Check Details

Version: 1.8.1
Check: Rd cross-references
Result: NOTE
    Undeclared package ‘R.oo’ in Rd xrefs
Flavor: r-devel-linux-x86_64-fedora-clang