Last updated on 2021-07-01 01:49:22 CEST.
Flavor | Version | Tinstall | Tcheck | Ttotal | Status | Flags |
---|---|---|---|---|---|---|
r-devel-linux-x86_64-debian-clang | 0.1.3 | 8.39 | 88.84 | 97.23 | OK | |
r-devel-linux-x86_64-debian-gcc | 0.1.3 | 6.23 | 63.55 | 69.78 | OK | |
r-devel-linux-x86_64-fedora-clang | 0.1.3 | 116.59 | NOTE | |||
r-devel-linux-x86_64-fedora-gcc | 0.1.3 | 110.41 | NOTE | |||
r-devel-windows-x86_64 | 0.1.3 | 20.00 | 114.00 | 134.00 | OK | |
r-devel-windows-x86_64-gcc10-UCRT | 0.1.3 | NOTE | ||||
r-patched-linux-x86_64 | 0.1.3 | 14.02 | 81.20 | 95.22 | OK | |
r-patched-solaris-x86 | 0.1.3 | 153.10 | NOTE | |||
r-release-linux-x86_64 | 0.1.3 | 7.10 | 81.88 | 88.98 | OK | |
r-release-macos-arm64 | 0.1.3 | NOTE | ||||
r-release-macos-x86_64 | 0.1.3 | NOTE | ||||
r-release-windows-ix86+x86_64 | 0.1.3 | 23.00 | 118.00 | 141.00 | OK | |
r-oldrel-macos-x86_64 | 0.1.3 | NOTE | ||||
r-oldrel-windows-ix86+x86_64 | 0.1.3 | 24.00 | 94.00 | 118.00 | OK |
Version: 0.1.3
Check: dependencies in R code
Result: NOTE
Namespace in Imports field not imported from: ‘testthat’
All declared Imports should be used.
Flavors: r-devel-linux-x86_64-fedora-clang, r-devel-linux-x86_64-fedora-gcc, r-devel-windows-x86_64-gcc10-UCRT, r-patched-solaris-x86, r-release-macos-arm64, r-release-macos-x86_64, r-oldrel-macos-x86_64