Last updated on 2021-07-01 01:49:22 CEST.
Flavor | Version | Tinstall | Tcheck | Ttotal | Status | Flags |
---|---|---|---|---|---|---|
r-devel-linux-x86_64-debian-clang | 2.3.2 | 9.03 | 47.54 | 56.57 | NOTE | |
r-devel-linux-x86_64-debian-gcc | 2.3.2 | 6.27 | 35.48 | 41.75 | NOTE | |
r-devel-linux-x86_64-fedora-clang | 2.3.2 | 74.35 | NOTE | |||
r-devel-linux-x86_64-fedora-gcc | 2.3.2 | 63.49 | NOTE | |||
r-devel-windows-x86_64 | 2.3.2 | 11.00 | 62.00 | 73.00 | OK | |
r-devel-windows-x86_64-gcc10-UCRT | 2.3.2 | OK | ||||
r-patched-linux-x86_64 | 2.3.2 | 9.31 | 45.49 | 54.80 | NOTE | |
r-patched-solaris-x86 | 2.3.2 | 81.80 | NOTE | |||
r-release-linux-x86_64 | 2.3.2 | 8.61 | 45.34 | 53.95 | NOTE | |
r-release-macos-arm64 | 2.3.2 | OK | ||||
r-release-macos-x86_64 | 2.3.2 | OK | ||||
r-release-windows-ix86+x86_64 | 2.3.2 | 11.00 | 54.00 | 65.00 | OK | |
r-oldrel-macos-x86_64 | 2.3.2 | OK | ||||
r-oldrel-windows-ix86+x86_64 | 2.3.2 | 14.00 | 49.00 | 63.00 | OK |
Version: 2.3.2
Check: for non-standard things in the check directory
Result: NOTE
Found the following files/directories:
'output.html'
Flavors: r-devel-linux-x86_64-debian-clang, r-devel-linux-x86_64-debian-gcc, r-devel-linux-x86_64-fedora-clang, r-devel-linux-x86_64-fedora-gcc, r-patched-linux-x86_64, r-patched-solaris-x86, r-release-linux-x86_64