Last updated on 2021-07-01 01:49:23 CEST.
Flavor | Version | Tinstall | Tcheck | Ttotal | Status | Flags |
---|---|---|---|---|---|---|
r-devel-linux-x86_64-debian-clang | 1.98-1.3 | 18.55 | 46.72 | 65.27 | NOTE | |
r-devel-linux-x86_64-debian-gcc | 1.98-1.3 | 13.74 | 36.46 | 50.20 | NOTE | |
r-devel-linux-x86_64-fedora-clang | 1.98-1.3 | 89.92 | NOTE | |||
r-devel-linux-x86_64-fedora-gcc | 1.98-1.3 | 80.15 | NOTE | |||
r-devel-windows-x86_64 | 1.98-1.3 | 37.00 | 92.00 | 129.00 | NOTE | |
r-devel-windows-x86_64-gcc10-UCRT | 1.98-1.3 | NOTE | ||||
r-patched-linux-x86_64 | 1.98-1.3 | 19.27 | 44.97 | 64.24 | NOTE | |
r-patched-solaris-x86 | 1.98-1.3 | 114.70 | NOTE | --no-examples | ||
r-release-linux-x86_64 | 1.98-1.3 | 16.74 | 44.60 | 61.34 | NOTE | |
r-release-macos-arm64 | 1.98-1.3 | NOTE | ||||
r-release-macos-x86_64 | 1.98-1.3 | NOTE | ||||
r-release-windows-ix86+x86_64 | 1.98-1.3 | 40.00 | 140.00 | 180.00 | NOTE | |
r-oldrel-macos-x86_64 | 1.98-1.3 | NOTE | ||||
r-oldrel-windows-ix86+x86_64 | 1.98-1.3 | 48.00 | 121.00 | 169.00 | NOTE |
Version: 1.98-1.3
Check: for GNU extensions in Makefiles
Result: NOTE
GNU make is a SystemRequirements.
Flavors: r-devel-linux-x86_64-debian-clang, r-devel-linux-x86_64-debian-gcc, r-devel-linux-x86_64-fedora-clang, r-devel-linux-x86_64-fedora-gcc, r-devel-windows-x86_64, r-devel-windows-x86_64-gcc10-UCRT, r-patched-linux-x86_64, r-release-linux-x86_64, r-release-macos-arm64, r-release-macos-x86_64, r-release-windows-ix86+x86_64, r-oldrel-macos-x86_64, r-oldrel-windows-ix86+x86_64
Version: 1.98-1.3
Flags: --no-examples
Check: for GNU extensions in Makefiles
Result: NOTE
GNU make is a SystemRequirements.
Flavor: r-patched-solaris-x86
Version: 1.98-1.3
Check: installed package size
Result: NOTE
installed size is 6.4Mb
sub-directories of 1Mb or more:
libs 4.4Mb
Flavors: r-release-windows-ix86+x86_64, r-oldrel-windows-ix86+x86_64