Last updated on 2021-07-01 01:49:23 CEST.
Flavor | Version | Tinstall | Tcheck | Ttotal | Status | Flags |
---|---|---|---|---|---|---|
r-devel-linux-x86_64-debian-clang | 0.1.4 | 19.96 | 27.22 | 47.18 | OK | |
r-devel-linux-x86_64-debian-gcc | 0.1.4 | 12.24 | 21.48 | 33.72 | OK | |
r-devel-linux-x86_64-fedora-clang | 0.1.4 | 74.01 | OK | |||
r-devel-linux-x86_64-fedora-gcc | 0.1.4 | 56.81 | OK | |||
r-devel-windows-x86_64 | 0.1.4 | 21.00 | 56.00 | 77.00 | OK | |
r-devel-windows-x86_64-gcc10-UCRT | 0.1.4 | OK | ||||
r-patched-linux-x86_64 | 0.1.4 | 14.48 | 26.05 | 40.53 | OK | |
r-patched-solaris-x86 | 0.1.4 | 69.20 | NOTE | |||
r-release-linux-x86_64 | 0.1.4 | 15.99 | 26.03 | 42.02 | OK | |
r-release-macos-arm64 | 0.1.4 | OK | ||||
r-release-macos-x86_64 | 0.1.4 | OK | ||||
r-release-windows-ix86+x86_64 | 0.1.4 | 38.00 | 57.00 | 95.00 | OK | |
r-oldrel-macos-x86_64 | 0.1.4 | OK | ||||
r-oldrel-windows-ix86+x86_64 | 0.1.4 | 41.00 | 58.00 | 99.00 | OK |
Version: 0.1.4
Check: for detritus in the temp directory
Result: NOTE
Found the following files/directories:
‘Rtmp_2a4gh’
Flavor: r-patched-solaris-x86